CRAN Package Check Results for Package StatDA

Last updated on 2019-09-17 07:49:12 CEST.

Flavor Version Tinstall Tcheck Ttotal Status Flags
r-devel-linux-x86_64-debian-clang 1.7 20.79 156.87 177.66 OK
r-devel-linux-x86_64-debian-gcc 1.7 OK
r-devel-linux-x86_64-fedora-clang 1.7 219.18 OK
r-devel-linux-x86_64-fedora-gcc 1.7 220.91 OK
r-devel-windows-ix86+x86_64 1.7 51.00 232.00 283.00 OK
r-patched-linux-x86_64 1.7 19.02 157.64 176.66 OK
r-patched-solaris-x86 1.7 375.90 OK
r-release-linux-x86_64 1.7 20.51 160.52 181.03 OK
r-release-windows-ix86+x86_64 1.7 35.00 171.00 206.00 OK
r-release-osx-x86_64 1.7 WARN
r-oldrel-windows-ix86+x86_64 1.7 30.00 153.00 183.00 OK
r-oldrel-osx-x86_64 1.7 OK

Check Details

Version: 1.7
Check: whether package can be installed
Result: WARN
    Found the following significant warnings:
     Warning: 'rgl_init' failed, running with rgl.useNULL = TRUE
Flavor: r-release-osx-x86_64