CRAN Package Check Results for Package SteinerNet

Last updated on 2019-09-18 19:46:40 CEST.

Flavor Version Tinstall Tcheck Ttotal Status Flags
r-devel-linux-x86_64-debian-clang 3.0.1 3.47 30.92 34.39 NOTE
r-devel-linux-x86_64-debian-gcc 3.0.1 2.59 24.99 27.58 NOTE
r-devel-linux-x86_64-fedora-clang 3.0.1 41.74 NOTE
r-devel-linux-x86_64-fedora-gcc 3.0.1 40.92 NOTE
r-devel-windows-ix86+x86_64 3.0.1 11.00 40.00 51.00 OK
r-patched-linux-x86_64 3.0.1 2.80 30.53 33.33 OK
r-patched-solaris-x86 3.0.1 67.90 OK
r-release-linux-x86_64 3.0.1 2.48 30.88 33.36 OK
r-release-windows-ix86+x86_64 3.0.1 6.00 44.00 50.00 OK
r-release-osx-x86_64 3.0.1 OK
r-oldrel-windows-ix86+x86_64 3.0.1 3.00 42.00 45.00 OK
r-oldrel-osx-x86_64 3.0.1 OK

Check Details

Version: 3.0.1
Check: for non-standard things in the check directory
Result: NOTE
    Found the following files/directories:
     'plot1.pdf'
Flavors: r-devel-linux-x86_64-debian-clang, r-devel-linux-x86_64-debian-gcc, r-devel-linux-x86_64-fedora-clang, r-devel-linux-x86_64-fedora-gcc