CRAN Package Check Results for Package StrathE2E2

Last updated on 2022-10-03 05:50:59 CEST.

Flavor Version Tinstall Tcheck Ttotal Status Flags
r-devel-linux-x86_64-debian-clang 3.3.0 48.88 286.95 335.83 NOTE
r-devel-linux-x86_64-debian-gcc 3.3.0 40.14 210.54 250.68 NOTE
r-devel-linux-x86_64-fedora-clang 3.3.0 438.57 NOTE
r-devel-linux-x86_64-fedora-gcc 3.3.0 436.93 NOTE
r-devel-windows-x86_64 3.3.0 613.00 330.00 943.00 NOTE
r-patched-linux-x86_64 3.3.0 46.32 277.46 323.78 NOTE
r-release-linux-x86_64 3.3.0 44.53 279.06 323.59 NOTE
r-release-macos-arm64 3.3.0 86.00 NOTE
r-release-macos-x86_64 3.3.0 118.00 NOTE
r-release-windows-x86_64 3.3.0 291.00 322.00 613.00 NOTE
r-oldrel-macos-arm64 3.3.0 109.00 NOTE
r-oldrel-macos-x86_64 3.3.0 141.00 NOTE
r-oldrel-windows-ix86+x86_64 3.3.0 91.00 576.00 667.00 WARN

Check Details

Version: 3.3.0
Check: package dependencies
Result: NOTE
    Package suggested but not available for checking: 'StrathE2E2examples'
Flavors: r-devel-linux-x86_64-debian-clang, r-devel-linux-x86_64-debian-gcc, r-devel-linux-x86_64-fedora-clang, r-devel-linux-x86_64-fedora-gcc, r-devel-windows-x86_64, r-patched-linux-x86_64, r-release-linux-x86_64, r-release-macos-arm64, r-release-macos-x86_64, r-release-windows-x86_64, r-oldrel-macos-arm64, r-oldrel-macos-x86_64, r-oldrel-windows-ix86+x86_64

Version: 3.3.0
Check: LazyData
Result: NOTE
     'LazyData' is specified without a 'data' directory
Flavors: r-devel-linux-x86_64-debian-clang, r-devel-linux-x86_64-debian-gcc, r-devel-linux-x86_64-fedora-clang, r-devel-linux-x86_64-fedora-gcc, r-devel-windows-x86_64, r-patched-linux-x86_64, r-release-linux-x86_64, r-release-macos-arm64, r-release-macos-x86_64, r-release-windows-x86_64, r-oldrel-macos-arm64, r-oldrel-macos-x86_64, r-oldrel-windows-ix86+x86_64

Version: 3.3.0
Check: for unstated dependencies in ‘tests’
Result: WARN
    Warning: unable to access index for repository https://bioconductor.org/packages/3.14/bioc/src/contrib:
     cannot open URL 'https://bioconductor.org/packages/3.14/bioc/src/contrib/PACKAGES'
    Warning: unable to access index for repository https://bioconductor.org/packages/3.14/data/annotation/src/contrib:
     cannot open URL 'https://bioconductor.org/packages/3.14/data/annotation/src/contrib/PACKAGES'
    Warning: unable to access index for repository https://bioconductor.org/packages/3.14/data/experiment/src/contrib:
     cannot open URL 'https://bioconductor.org/packages/3.14/data/experiment/src/contrib/PACKAGES'
Flavor: r-oldrel-windows-ix86+x86_64