Last updated on 2023-09-30 13:52:00 CEST.
Flavor | Version | Tinstall | Tcheck | Ttotal | Status | Flags |
---|---|---|---|---|---|---|
r-devel-linux-x86_64-debian-clang | 3.3.0 | 45.95 | 294.82 | 340.77 | NOTE | |
r-devel-linux-x86_64-debian-gcc | 3.3.0 | 40.09 | 215.26 | 255.35 | NOTE | |
r-devel-linux-x86_64-fedora-clang | 3.3.0 | 428.96 | NOTE | |||
r-devel-linux-x86_64-fedora-gcc | 3.3.0 | 459.24 | NOTE | |||
r-devel-windows-x86_64 | 3.3.0 | 41.00 | 290.00 | 331.00 | NOTE | |
r-patched-linux-x86_64 | 3.3.0 | 50.17 | 289.86 | 340.03 | NOTE | |
r-release-linux-x86_64 | 3.3.0 | 48.58 | 292.61 | 341.19 | NOTE | |
r-release-macos-arm64 | 3.3.0 | 112.00 | NOTE | |||
r-release-macos-x86_64 | 3.3.0 | 215.00 | NOTE | |||
r-release-windows-x86_64 | 3.3.0 | 50.00 | 294.00 | 344.00 | NOTE | |
r-oldrel-macos-arm64 | 3.3.0 | 90.00 | NOTE | |||
r-oldrel-macos-x86_64 | 3.3.0 | 118.00 | NOTE | |||
r-oldrel-windows-x86_64 | 3.3.0 | 65.00 | 288.00 | 353.00 | NOTE |
Version: 3.3.0
Check: package dependencies
Result: NOTE
Package suggested but not available for checking: ‘StrathE2E2examples’
Flavors: r-devel-linux-x86_64-debian-clang, r-devel-linux-x86_64-debian-gcc, r-devel-linux-x86_64-fedora-clang, r-devel-linux-x86_64-fedora-gcc, r-devel-windows-x86_64, r-patched-linux-x86_64, r-release-linux-x86_64, r-release-macos-arm64, r-release-macos-x86_64, r-release-windows-x86_64, r-oldrel-macos-arm64, r-oldrel-macos-x86_64, r-oldrel-windows-x86_64
Version: 3.3.0
Check: LazyData
Result: NOTE
'LazyData' is specified without a 'data' directory
Flavors: r-devel-linux-x86_64-debian-clang, r-devel-linux-x86_64-debian-gcc, r-devel-linux-x86_64-fedora-clang, r-devel-linux-x86_64-fedora-gcc, r-devel-windows-x86_64, r-patched-linux-x86_64, r-release-linux-x86_64, r-release-macos-arm64, r-release-macos-x86_64, r-release-windows-x86_64, r-oldrel-macos-arm64, r-oldrel-macos-x86_64, r-oldrel-windows-x86_64