CRAN Package Check Results for Package StratifiedSampling

Last updated on 2022-10-07 21:51:21 CEST.

Flavor Version Tinstall Tcheck Ttotal Status Flags
r-devel-linux-x86_64-debian-clang 0.3.0 93.76 100.93 194.69 WARN
r-devel-linux-x86_64-debian-gcc 0.3.0 69.75 74.13 143.88 OK
r-devel-linux-x86_64-fedora-clang 0.3.0 282.28 OK
r-devel-linux-x86_64-fedora-gcc 0.3.0 246.71 OK
r-devel-windows-x86_64 0.3.0 154.00 149.00 303.00 OK
r-patched-linux-x86_64 0.3.0 74.59 93.52 168.11 OK
r-release-linux-x86_64 0.3.0 77.04 92.25 169.29 OK
r-release-macos-arm64 0.3.0 59.00 OK
r-release-macos-x86_64 0.3.0 80.00 OK
r-release-windows-x86_64 0.3.0 177.00 147.00 324.00 OK
r-oldrel-macos-arm64 0.3.0 60.00 OK
r-oldrel-macos-x86_64 0.3.0 80.00 OK
r-oldrel-windows-ix86+x86_64 0.3.0 224.00 171.00 395.00 OK

Check Details

Version: 0.3.0
Check: whether package can be installed
Result: WARN
    Found the following significant warnings:
     osod.cpp:55:6: warning: using integer absolute value function 'abs' when argument is of floating point type [-Wabsolute-value]
Flavor: r-devel-linux-x86_64-debian-clang