CRAN Package Check Results for Package SuperGauss

Last updated on 2019-09-16 20:48:00 CEST.

Flavor Version Tinstall Tcheck Ttotal Status Flags
r-devel-linux-x86_64-debian-clang 1.0.1 29.93 76.87 106.80 WARN
r-devel-linux-x86_64-debian-gcc 1.0.1 25.53 61.43 86.96 WARN
r-devel-linux-x86_64-fedora-clang 1.0.1 152.80 WARN
r-devel-linux-x86_64-fedora-gcc 1.0.1 146.94 WARN
r-devel-windows-ix86+x86_64 1.0.1 87.00 109.00 196.00 OK
r-patched-linux-x86_64 1.0.1 30.14 75.89 106.03 OK
r-patched-solaris-x86 1.0.1 244.40 OK
r-release-linux-x86_64 1.0.1 30.60 78.30 108.90 OK
r-release-windows-ix86+x86_64 1.0.1 60.00 111.00 171.00 OK
r-release-osx-x86_64 1.0.1 NOTE
r-oldrel-windows-ix86+x86_64 1.0.1 79.00 110.00 189.00 OK
r-oldrel-osx-x86_64 1.0.1 WARN

Check Details

Version: 1.0.1
Check: whether package can be installed
Result: WARN
    Found the following significant warnings:
     'config' variable 'CPP' is deprecated
Flavors: r-devel-linux-x86_64-debian-clang, r-devel-linux-x86_64-debian-gcc, r-devel-linux-x86_64-fedora-clang, r-devel-linux-x86_64-fedora-gcc

Version: 1.0.1
Check: installed package size
Result: NOTE
     installed size is 6.0Mb
     sub-directories of 1Mb or more:
     libs 5.4Mb
Flavors: r-release-osx-x86_64, r-oldrel-osx-x86_64

Version: 1.0.1
Check: re-building of vignette outputs
Result: WARN
    Error in re-building vignettes:
     ...
    Warning in engine$weave(file, quiet = quiet, encoding = enc) :
     Pandoc (>= 1.12.3) and/or pandoc-citeproc not available. Falling back to R Markdown v1.
    Error: processing vignette 'SuperGauss-quicktut.Rmd' failed with diagnostics:
    there is no package called 'stringi'
    Execution halted
Flavor: r-oldrel-osx-x86_64