Last updated on 2022-05-17 23:56:48 CEST.
Flavor | Version | Tinstall | Tcheck | Ttotal | Status | Flags |
---|---|---|---|---|---|---|
r-devel-linux-x86_64-debian-clang | 0.1.1 | 19.68 | 166.10 | 185.78 | OK | |
r-devel-linux-x86_64-debian-gcc | 0.1.1 | 13.42 | 122.91 | 136.33 | OK | |
r-devel-linux-x86_64-fedora-clang | 0.1.1 | 216.79 | NOTE | |||
r-devel-linux-x86_64-fedora-gcc | 0.1.1 | 212.49 | NOTE | |||
r-devel-windows-x86_64 | 0.1.1 | 25.00 | 180.00 | 205.00 | OK | |
r-patched-linux-x86_64 | 0.1.1 | 16.34 | 153.66 | 170.00 | OK | |
r-release-linux-x86_64 | 0.1.1 | 15.97 | 156.37 | 172.34 | OK | |
r-release-macos-arm64 | 0.1.1 | 57.00 | NOTE | |||
r-release-macos-x86_64 | 0.1.1 | 97.00 | NOTE | |||
r-release-windows-x86_64 | 0.1.1 | 20.00 | 175.00 | 195.00 | OK | |
r-oldrel-macos-arm64 | 0.1.1 | 64.00 | NOTE | |||
r-oldrel-macos-x86_64 | 0.1.1 | 70.00 | NOTE | |||
r-oldrel-windows-ix86+x86_64 | 0.1.1 | 41.00 | 174.00 | 215.00 | OK |
Version: 0.1.1
Check: dependencies in R code
Result: NOTE
Namespace in Imports field not imported from: ‘readr’
All declared Imports should be used.
Flavors: r-devel-linux-x86_64-fedora-clang, r-devel-linux-x86_64-fedora-gcc, r-release-macos-arm64, r-release-macos-x86_64, r-oldrel-macos-arm64, r-oldrel-macos-x86_64