Last updated on 2022-05-17 21:50:59 CEST.
Flavor | Version | Tinstall | Tcheck | Ttotal | Status | Flags |
---|---|---|---|---|---|---|
r-devel-linux-x86_64-debian-clang | 0.1.1 | 12.83 | 113.91 | 126.74 | OK | |
r-devel-linux-x86_64-debian-gcc | 0.1.1 | 10.07 | 82.61 | 92.68 | OK | |
r-devel-linux-x86_64-fedora-clang | 0.1.1 | 145.11 | NOTE | |||
r-devel-linux-x86_64-fedora-gcc | 0.1.1 | 141.76 | NOTE | |||
r-devel-windows-x86_64 | 0.1.1 | 23.00 | 126.00 | 149.00 | OK | |
r-patched-linux-x86_64 | 0.1.1 | 11.16 | 104.09 | 115.25 | OK | |
r-release-linux-x86_64 | 0.1.1 | 10.28 | 105.00 | 115.28 | OK | |
r-release-macos-arm64 | 0.1.1 | 48.00 | NOTE | |||
r-release-macos-x86_64 | 0.1.1 | 68.00 | NOTE | |||
r-release-windows-x86_64 | 0.1.1 | 22.00 | 126.00 | 148.00 | OK | |
r-oldrel-macos-arm64 | 0.1.1 | 37.00 | NOTE | |||
r-oldrel-macos-x86_64 | 0.1.1 | 67.00 | NOTE | |||
r-oldrel-windows-ix86+x86_64 | 0.1.1 | 30.00 | 114.00 | 144.00 | OK |
Version: 0.1.1
Check: dependencies in R code
Result: NOTE
Namespaces in Imports field not imported from:
‘Rdpack’ ‘readr’ ‘rlang’ ‘survival’ ‘tidyverse’ ‘utils’
All declared Imports should be used.
Flavors: r-devel-linux-x86_64-fedora-clang, r-devel-linux-x86_64-fedora-gcc, r-release-macos-arm64, r-release-macos-x86_64, r-oldrel-macos-arm64, r-oldrel-macos-x86_64