CRAN Package Check Results for Package SynthTools

Last updated on 2022-08-19 08:53:57 CEST.

Flavor Version Tinstall Tcheck Ttotal Status Flags
r-devel-linux-x86_64-debian-clang 1.0.1 2.82 35.43 38.25 OK
r-devel-linux-x86_64-debian-gcc 1.0.1 2.13 27.48 29.61 OK
r-devel-linux-x86_64-fedora-clang 1.0.1 59.54 NOTE
r-devel-linux-x86_64-fedora-gcc 1.0.1 54.86 NOTE
r-devel-windows-x86_64 1.0.1 15.00 68.00 83.00 OK
r-patched-linux-x86_64 1.0.1 2.64 33.81 36.45 OK
r-release-linux-x86_64 1.0.1 OK
r-release-macos-arm64 1.0.1 21.00 NOTE
r-release-macos-x86_64 1.0.1 38.00 NOTE
r-release-windows-x86_64 1.0.1 14.00 70.00 84.00 OK
r-oldrel-macos-arm64 1.0.1 27.00 NOTE
r-oldrel-macos-x86_64 1.0.1 36.00 NOTE
r-oldrel-windows-ix86+x86_64 1.0.1 6.00 63.00 69.00 OK

Check Details

Version: 1.0.1
Check: dependencies in R code
Result: NOTE
    Namespace in Imports field not imported from: ‘utils’
     All declared Imports should be used.
Flavors: r-devel-linux-x86_64-fedora-clang, r-devel-linux-x86_64-fedora-gcc, r-release-macos-arm64, r-release-macos-x86_64, r-oldrel-macos-arm64, r-oldrel-macos-x86_64