CRAN Package Check Results for Package TAM

Last updated on 2022-01-27 20:50:08 CET.

Flavor Version Tinstall Tcheck Ttotal Status Flags
r-devel-linux-x86_64-debian-clang 3.7-16 225.70 204.78 430.48 OK
r-devel-linux-x86_64-debian-gcc 3.7-16 169.36 151.15 320.51 OK
r-devel-linux-x86_64-fedora-clang 3.7-16 641.15 NOTE
r-devel-linux-x86_64-fedora-gcc 3.7-16 547.93 OK
r-devel-windows-x86_64-new-UL 3.7-16 364.00 250.00 614.00 OK
r-devel-windows-x86_64-new-TK 3.7-16 NOTE
r-patched-linux-x86_64 3.7-16 200.29 196.71 397.00 OK
r-release-linux-x86_64 3.7-16 190.38 196.82 387.20 OK
r-release-macos-arm64 3.7-16 NOTE
r-release-macos-x86_64 3.7-16 NOTE
r-release-windows-ix86+x86_64 3.7-16 506.00 354.00 860.00 OK
r-oldrel-macos-x86_64 3.7-16 NOTE
r-oldrel-windows-ix86+x86_64 3.7-16 502.00 324.00 826.00 OK

Check Details

Version: 3.7-16
Check: installed package size
Result: NOTE
     installed size is 6.8Mb
     sub-directories of 1Mb or more:
     R 1.3Mb
     libs 4.5Mb
Flavors: r-devel-linux-x86_64-fedora-clang, r-release-macos-arm64, r-release-macos-x86_64, r-oldrel-macos-x86_64

Version: 3.7-16
Check: Rd cross-references
Result: NOTE
    Undeclared package ‘mirt’ in Rd xrefs
Flavor: r-devel-linux-x86_64-fedora-clang

Version: 3.7-16
Check: package dependencies
Result: NOTE
    Package which this enhances but not available for checking: 'LSAmitR'
Flavor: r-devel-windows-x86_64-new-TK