CRAN Package Check Results for Package TDboost

Last updated on 2019-09-24 10:51:35 CEST.

Flavor Version Tinstall Tcheck Ttotal Status Flags
r-devel-linux-x86_64-debian-clang 1.2 11.51 23.99 35.50 OK
r-devel-linux-x86_64-debian-gcc 1.2 8.26 19.14 27.40 OK
r-devel-linux-x86_64-fedora-clang 1.2 53.55 NOTE
r-devel-linux-x86_64-fedora-gcc 1.2 43.72 NOTE
r-devel-windows-ix86+x86_64 1.2 56.00 68.00 124.00 OK
r-patched-linux-x86_64 1.2 9.36 23.54 32.90 OK
r-patched-solaris-x86 1.2 76.30 OK
r-release-linux-x86_64 1.2 9.17 24.09 33.26 OK
r-release-windows-ix86+x86_64 1.2 52.00 70.00 122.00 OK
r-release-osx-x86_64 1.2 OK
r-oldrel-windows-ix86+x86_64 1.2 30.00 79.00 109.00 OK
r-oldrel-osx-x86_64 1.2 OK

Check Details

Version: 1.2
Check: compiled code
Result: NOTE
    File ‘TDboost/libs/TDboost.so’:
     Found no calls to: ‘R_registerRoutines’, ‘R_useDynamicSymbols’
    
    It is good practice to register native routines and to disable symbol
    search.
    
    See ‘Writing portable packages’ in the ‘Writing R Extensions’ manual.
Flavors: r-devel-linux-x86_64-fedora-clang, r-devel-linux-x86_64-fedora-gcc