CRAN Package Check Results for Package TDboost

Last updated on 2020-07-09 21:48:43 CEST.

Flavor Version Tinstall Tcheck Ttotal Status Flags
r-devel-linux-x86_64-debian-clang 1.2 13.09 26.43 39.52 OK
r-devel-linux-x86_64-debian-gcc 1.2 9.49 20.87 30.36 OK
r-devel-linux-x86_64-fedora-clang 1.2 65.38 NOTE
r-devel-linux-x86_64-fedora-gcc 1.2 46.21 NOTE
r-devel-windows-ix86+x86_64 1.2 33.00 58.00 91.00 OK
r-patched-linux-x86_64 1.2 9.74 26.25 35.99 OK
r-patched-solaris-x86 1.2 86.60 OK
r-release-linux-x86_64 1.2 10.19 26.77 36.96 OK
r-release-osx-x86_64 1.2 OK
r-release-windows-ix86+x86_64 1.2 35.00 64.00 99.00 OK
r-oldrel-osx-x86_64 1.2 OK
r-oldrel-windows-ix86+x86_64 1.2 74.00 65.00 139.00 OK

Check Details

Version: 1.2
Check: compiled code
Result: NOTE
    File ‘TDboost/libs/TDboost.so’:
     Found no calls to: ‘R_registerRoutines’, ‘R_useDynamicSymbols’
    
    It is good practice to register native routines and to disable symbol
    search.
    
    See ‘Writing portable packages’ in the ‘Writing R Extensions’ manual.
Flavors: r-devel-linux-x86_64-fedora-clang, r-devel-linux-x86_64-fedora-gcc