CRAN Package Check Results for Package TESS

Last updated on 2019-09-17 07:49:13 CEST.

Flavor Version Tinstall Tcheck Ttotal Status Flags
r-devel-linux-x86_64-debian-clang 2.1.0 20.09 119.22 139.31 NOTE
r-devel-linux-x86_64-debian-gcc 2.1.0 NOTE
r-devel-linux-x86_64-fedora-clang 2.1.0 172.29 NOTE
r-devel-linux-x86_64-fedora-gcc 2.1.0 166.26 NOTE
r-devel-windows-ix86+x86_64 2.1.0 51.00 171.00 222.00 OK
r-patched-linux-x86_64 2.1.0 18.70 115.86 134.56 OK
r-patched-solaris-x86 2.1.0 221.30 OK
r-release-linux-x86_64 2.1.0 20.12 116.06 136.18 OK
r-release-windows-ix86+x86_64 2.1.0 32.00 171.00 203.00 OK
r-release-osx-x86_64 2.1.0 OK
r-oldrel-windows-ix86+x86_64 2.1.0 46.00 167.00 213.00 OK
r-oldrel-osx-x86_64 2.1.0 OK

Check Details

Version: 2.1.0
Check: for non-standard things in the check directory
Result: NOTE
    Found the following files/directories:
     'ExtinctionRateChanges.txt' 'ExtinctionRates.txt'
     'MassExtinctionTimes.txt' 'SpeciationRateChanges.txt'
     'SpeciationRates.txt' 'SurvivalProbabilities.txt' 'analysis_conifer'
     'input_tree.tre' 'run_1' 'run_2' 'samples_numCategories.txt'
Flavors: r-devel-linux-x86_64-debian-clang, r-devel-linux-x86_64-debian-gcc, r-devel-linux-x86_64-fedora-clang, r-devel-linux-x86_64-fedora-gcc

Version: 2.1.0
Check: compiled code
Result: NOTE
    File ‘TESS/libs/TESS.so’:
     Found no calls to: ‘R_registerRoutines’, ‘R_useDynamicSymbols’
    
    It is good practice to register native routines and to disable symbol
    search.
    
    See ‘Writing portable packages’ in the ‘Writing R Extensions’ manual.
Flavors: r-devel-linux-x86_64-fedora-clang, r-devel-linux-x86_64-fedora-gcc