CRAN Package Check Results for Package TESS

Last updated on 2020-02-17 19:49:34 CET.

Flavor Version Tinstall Tcheck Ttotal Status Flags
r-devel-linux-x86_64-debian-clang 2.1.0 25.12 130.59 155.71 NOTE
r-devel-linux-x86_64-debian-gcc 2.1.0 16.79 95.36 112.15 NOTE
r-devel-linux-x86_64-fedora-clang 2.1.0 185.42 NOTE
r-devel-linux-x86_64-fedora-gcc 2.1.0 188.78 NOTE
r-devel-windows-ix86+x86_64 2.1.0 48.00 168.00 216.00 OK
r-devel-windows-ix86+x86_64-gcc8 2.1.0 59.00 244.00 303.00 OK
r-patched-linux-x86_64 2.1.0 18.64 116.37 135.01 OK
r-patched-solaris-x86 2.1.0 216.90 OK
r-release-linux-x86_64 2.1.0 18.53 115.37 133.90 OK
r-release-windows-ix86+x86_64 2.1.0 41.00 162.00 203.00 OK
r-release-osx-x86_64 2.1.0 OK
r-oldrel-windows-ix86+x86_64 2.1.0 34.00 284.00 318.00 OK
r-oldrel-osx-x86_64 2.1.0 OK

Check Details

Version: 2.1.0
Check: for non-standard things in the check directory
Result: NOTE
    Found the following files/directories:
     'ExtinctionRateChanges.txt' 'ExtinctionRates.txt'
     'MassExtinctionTimes.txt' 'SpeciationRateChanges.txt'
     'SpeciationRates.txt' 'SurvivalProbabilities.txt' 'analysis_conifer'
     'input_tree.tre' 'run_1' 'run_2' 'samples_numCategories.txt'
Flavors: r-devel-linux-x86_64-debian-clang, r-devel-linux-x86_64-debian-gcc, r-devel-linux-x86_64-fedora-clang, r-devel-linux-x86_64-fedora-gcc

Version: 2.1.0
Check: compiled code
Result: NOTE
    File ‘TESS/libs/TESS.so’:
     Found no calls to: ‘R_registerRoutines’, ‘R_useDynamicSymbols’
    
    It is good practice to register native routines and to disable symbol
    search.
    
    See ‘Writing portable packages’ in the ‘Writing R Extensions’ manual.
Flavors: r-devel-linux-x86_64-fedora-clang, r-devel-linux-x86_64-fedora-gcc