CRAN Package Check Results for Package TIGERr

Last updated on 2022-01-18 13:16:19 CET.

Flavor Version Tinstall Tcheck Ttotal Status Flags
r-devel-linux-x86_64-debian-clang 1.0.0 2.89 39.78 42.67 OK
r-devel-linux-x86_64-debian-gcc 1.0.0 2.05 31.45 33.50 OK
r-devel-linux-x86_64-fedora-clang 1.0.0 52.35 OK
r-devel-linux-x86_64-fedora-gcc 1.0.0 41.44 OK
r-devel-windows-x86_64-new-UL 1.0.0 17.00 55.00 72.00 OK
r-devel-windows-x86_64-new-TK 1.0.0 OK
r-patched-linux-x86_64 1.0.0 2.78 38.63 41.41 OK
r-release-linux-x86_64 1.0.0 OK
r-release-macos-arm64 1.0.0 OK
r-release-macos-x86_64 1.0.0 OK
r-release-windows-ix86+x86_64 1.0.0 7.00 51.00 58.00 OK
r-oldrel-macos-x86_64 0.1.0 ERROR
r-oldrel-windows-ix86+x86_64 1.0.0 7.00 49.00 56.00 OK

Check Details

Version: 0.1.0
Check: package dependencies
Result: ERROR
    Package required and available but unsuitable version: ‘stats’
    
    See section ‘The DESCRIPTION file’ in the ‘Writing R Extensions’
    manual.
Flavor: r-oldrel-macos-x86_64