CRAN Package Check Results for Package TNC

Last updated on 2020-01-23 04:47:57 CET.

Flavor Version Tinstall Tcheck Ttotal Status Flags
r-devel-linux-x86_64-debian-clang 0.1.0 2.50 22.82 25.32 OK
r-devel-linux-x86_64-debian-gcc 0.1.0 2.02 17.81 19.83 OK
r-devel-linux-x86_64-fedora-clang 0.1.0 31.16 OK
r-devel-linux-x86_64-fedora-gcc 0.1.0 30.35 OK
r-devel-windows-ix86+x86_64 0.1.0 7.00 47.00 54.00 OK
r-devel-windows-ix86+x86_64-gcc8 0.1.0 8.00 39.00 47.00 OK
r-patched-linux-x86_64 0.1.0 1.89 20.93 22.82 NOTE
r-patched-solaris-x86 0.1.0 44.90 OK
r-release-linux-x86_64 0.1.0 2.21 20.76 22.97 NOTE
r-release-windows-ix86+x86_64 0.1.0 7.00 45.00 52.00 OK
r-release-osx-x86_64 0.1.0 OK
r-oldrel-windows-ix86+x86_64 0.1.0 3.00 35.00 38.00 OK
r-oldrel-osx-x86_64 0.1.0 OK

Check Details

Version: 0.1.0
Check: DESCRIPTION meta-information
Result: NOTE
    Dependence on R version ‘3.4.1’ not with patchlevel 0
Flavors: r-patched-linux-x86_64, r-release-linux-x86_64