CRAN Package Check Results for Package TNC

Last updated on 2019-09-15 05:46:29 CEST.

Flavor Version Tinstall Tcheck Ttotal Status Flags
r-devel-linux-x86_64-debian-clang 0.1.0 2.16 20.51 22.67 OK
r-devel-linux-x86_64-debian-gcc 0.1.0 1.98 16.82 18.80 OK
r-devel-linux-x86_64-fedora-clang 0.1.0 27.58 OK
r-devel-linux-x86_64-fedora-gcc 0.1.0 26.58 OK
r-devel-windows-ix86+x86_64 0.1.0 7.00 32.00 39.00 OK
r-patched-linux-x86_64 0.1.0 2.21 20.32 22.53 NOTE
r-patched-solaris-x86 0.1.0 45.30 OK
r-release-linux-x86_64 0.1.0 1.59 20.47 22.06 NOTE
r-release-windows-ix86+x86_64 0.1.0 7.00 32.00 39.00 OK
r-release-osx-x86_64 0.1.0 OK
r-oldrel-windows-ix86+x86_64 0.1.0 5.00 32.00 37.00 OK
r-oldrel-osx-x86_64 0.1.0 OK

Check Details

Version: 0.1.0
Check: DESCRIPTION meta-information
Result: NOTE
    Dependence on R version ‘3.4.1’ not with patchlevel 0
Flavors: r-patched-linux-x86_64, r-release-linux-x86_64