CRAN Package Check Results for Package TPD

Last updated on 2020-02-21 00:49:57 CET.

Flavor Version Tinstall Tcheck Ttotal Status Flags
r-devel-linux-x86_64-debian-clang 1.1.0 10.60 176.06 186.66 OK
r-devel-linux-x86_64-debian-gcc 1.1.0 8.46 124.91 133.37 OK
r-devel-linux-x86_64-fedora-clang 1.1.0 211.25 OK
r-devel-linux-x86_64-fedora-gcc 1.1.0 216.45 OK
r-devel-windows-ix86+x86_64 1.1.0 19.00 165.00 184.00 OK
r-devel-windows-ix86+x86_64-gcc8 1.1.0 20.00 227.00 247.00 OK
r-patched-linux-x86_64 1.1.0 8.73 154.62 163.35 OK
r-patched-solaris-x86 1.1.0 295.90 OK
r-release-linux-x86_64 1.1.0 8.62 153.41 162.03 OK
r-release-windows-ix86+x86_64 1.1.0 14.00 168.00 182.00 OK
r-release-osx-x86_64 1.1.0 OK
r-oldrel-windows-ix86+x86_64 1.1.0 11.00 166.00 177.00 WARN
r-oldrel-osx-x86_64 1.1.0 OK

Check Details

Version: 1.1.0
Check: whether package can be installed
Result: WARN
    Found the following significant warnings:
     Warning: S3 methods '[.fun_list', '[.grouped_df', 'all.equal.tbl_df', 'anti_join.data.frame', 'anti_join.tbl_df', 'arrange.data.frame', 'arrange.default', 'arrange.grouped_df', 'arrange.tbl_df', 'arrange_.data.frame', 'arrange_.tbl_df', 'as.data.frame.grouped_df', 'as.data.frame.rowwise_df', 'as.data.frame.tbl_cube', 'as.table.tbl_cube', 'as.tbl.data.frame', 'as.tbl.tbl', 'as.tbl_cube.array', 'as.tbl_cube.data.frame', 'as.tbl_cube.matrix', 'as.tbl_cube.table', 'as_tibble.grouped_df', 'as_tibble.tbl_cube', 'auto_copy.tbl_cube', 'auto_copy.tbl_df', 'cbind.grouped_df', 'collapse.data.frame', 'collect.data.frame', 'common_by.NULL', 'common_by.character', 'common_by.default', 'common_by.list', 'compute.data.frame', 'copy_to.DBIConnection', 'copy_to.src_local', 'default_missing.data.frame', 'default_missing.default', 'dim.tbl_cube', 'distinct.data.frame', 'distinct.default', 'distinct.grouped_df', 'distinct.tbl_df', 'distinct_.data.frame', 'distinct_.grouped_df', 'distinct_.tbl_df', 'do.NULL', 'do.da [... truncated]
Flavor: r-oldrel-windows-ix86+x86_64