Last updated on 2023-03-24 22:00:07 CET.
Flavor | Version | Tinstall | Tcheck | Ttotal | Status | Flags |
---|---|---|---|---|---|---|
r-devel-linux-x86_64-debian-clang | 1.1.0 | 12.91 | 172.18 | 185.09 | NOTE | |
r-devel-linux-x86_64-debian-gcc | 1.1.0 | 8.35 | 131.03 | 139.38 | NOTE | |
r-devel-linux-x86_64-fedora-clang | 1.1.0 | 225.25 | NOTE | |||
r-devel-linux-x86_64-fedora-gcc | 1.1.0 | 235.54 | NOTE | |||
r-devel-windows-x86_64 | 1.1.0 | 21.00 | 396.00 | 417.00 | NOTE | |
r-patched-linux-x86_64 | 1.1.0 | 10.98 | 164.64 | 175.62 | NOTE | |
r-release-linux-x86_64 | 1.1.0 | 11.46 | 163.04 | 174.50 | NOTE | |
r-release-macos-arm64 | 1.1.0 | 68.00 | NOTE | |||
r-release-macos-x86_64 | 1.1.0 | 149.00 | NOTE | |||
r-release-windows-x86_64 | 1.1.0 | 19.00 | 203.00 | 222.00 | NOTE | |
r-oldrel-macos-arm64 | 1.1.0 | 89.00 | NOTE | |||
r-oldrel-macos-x86_64 | 1.1.0 | 111.00 | NOTE | |||
r-oldrel-windows-ix86+x86_64 | 1.1.0 | 26.00 | 463.00 | 489.00 | NOTE |
Version: 1.1.0
Check: LazyData
Result: NOTE
'LazyData' is specified without a 'data' directory
Flavors: r-devel-linux-x86_64-debian-clang, r-devel-linux-x86_64-debian-gcc, r-devel-linux-x86_64-fedora-clang, r-devel-linux-x86_64-fedora-gcc, r-devel-windows-x86_64, r-patched-linux-x86_64, r-release-linux-x86_64, r-release-macos-arm64, r-release-macos-x86_64, r-release-windows-x86_64, r-oldrel-macos-arm64, r-oldrel-macos-x86_64, r-oldrel-windows-ix86+x86_64