CRAN Package Check Results for Package TSS.RESTREND

Last updated on 2020-02-23 10:49:07 CET.

Flavor Version Tinstall Tcheck Ttotal Status Flags
r-devel-linux-x86_64-debian-clang 0.2.13 13.58 103.94 117.52 OK
r-devel-linux-x86_64-debian-gcc 0.2.13 10.70 79.73 90.43 OK
r-devel-linux-x86_64-fedora-clang 0.2.13 140.57 OK
r-devel-linux-x86_64-fedora-gcc 0.2.13 152.87 WARN
r-devel-windows-ix86+x86_64 0.2.13 31.00 111.00 142.00 OK
r-devel-windows-ix86+x86_64-gcc8 0.2.13 50.00 181.00 231.00 OK
r-patched-linux-x86_64 0.2.13 OK
r-patched-solaris-x86 0.2.13 182.80 OK
r-release-linux-x86_64 0.2.13 12.40 89.92 102.32 OK
r-release-windows-ix86+x86_64 0.2.13 20.00 98.00 118.00 OK
r-release-osx-x86_64 0.2.13 OK
r-oldrel-windows-ix86+x86_64 0.2.13 16.00 109.00 125.00 OK
r-oldrel-osx-x86_64 0.2.13 OK

Check Details

Version: 0.2.13
Check: whether package can be installed
Result: WARN
    Found the following significant warnings:
     Warning: namespace ‘rgdal’ is not available and has been replaced
Flavor: r-devel-linux-x86_64-fedora-gcc