CRAN Package Check Results for Package TSTr

Last updated on 2020-07-09 21:48:44 CEST.

Flavor Version Tinstall Tcheck Ttotal Status Flags
r-devel-linux-x86_64-debian-clang 1.2 3.15 35.10 38.25 NOTE
r-devel-linux-x86_64-debian-gcc 1.2 2.45 26.30 28.75 NOTE
r-devel-linux-x86_64-fedora-clang 1.2 53.01 NOTE
r-devel-linux-x86_64-fedora-gcc 1.2 44.20 NOTE
r-devel-windows-ix86+x86_64 1.2 8.00 51.00 59.00 OK
r-patched-linux-x86_64 1.2 3.08 33.52 36.60 NOTE
r-patched-solaris-x86 1.2 66.40 NOTE
r-release-linux-x86_64 1.2 3.65 33.66 37.31 NOTE
r-release-osx-x86_64 1.2 OK
r-release-windows-ix86+x86_64 1.2 7.00 61.00 68.00 OK
r-oldrel-osx-x86_64 1.2 OK
r-oldrel-windows-ix86+x86_64 1.2 9.00 41.00 50.00 OK

Check Details

Version: 1.2
Check: for non-standard things in the check directory
Result: NOTE
    Found the following files/directories:
     'XMIwords.txt'
Flavors: r-devel-linux-x86_64-debian-clang, r-devel-linux-x86_64-debian-gcc, r-devel-linux-x86_64-fedora-clang, r-devel-linux-x86_64-fedora-gcc, r-patched-linux-x86_64, r-patched-solaris-x86, r-release-linux-x86_64