CRAN Package Check Results for Package TSTr

Last updated on 2019-09-23 19:47:41 CEST.

Flavor Version Tinstall Tcheck Ttotal Status Flags
r-devel-linux-x86_64-debian-clang 1.2 3.02 33.51 36.53 NOTE
r-devel-linux-x86_64-debian-gcc 1.2 2.85 25.67 28.52 NOTE
r-devel-linux-x86_64-fedora-clang 1.2 44.30 NOTE
r-devel-linux-x86_64-fedora-gcc 1.2 42.80 NOTE
r-devel-windows-ix86+x86_64 1.2 10.00 60.00 70.00 OK
r-patched-linux-x86_64 1.2 2.93 31.18 34.11 OK
r-patched-solaris-x86 1.2 63.60 OK
r-release-linux-x86_64 1.2 2.64 31.89 34.53 OK
r-release-windows-ix86+x86_64 1.2 10.00 59.00 69.00 OK
r-release-osx-x86_64 1.2 OK
r-oldrel-windows-ix86+x86_64 1.2 4.00 38.00 42.00 OK
r-oldrel-osx-x86_64 1.2 OK

Check Details

Version: 1.2
Check: for non-standard things in the check directory
Result: NOTE
    Found the following files/directories:
     'XMIwords.txt'
Flavors: r-devel-linux-x86_64-debian-clang, r-devel-linux-x86_64-debian-gcc, r-devel-linux-x86_64-fedora-clang, r-devel-linux-x86_64-fedora-gcc