Last updated on 2022-06-28 10:49:22 CEST.
Flavor | Version | Tinstall | Tcheck | Ttotal | Status | Flags |
---|---|---|---|---|---|---|
r-devel-linux-x86_64-debian-clang | 2017.4-1 | 5.14 | 36.56 | 41.70 | OK | |
r-devel-linux-x86_64-debian-gcc | 2017.4-1 | 3.86 | 28.88 | 32.74 | OK | |
r-devel-linux-x86_64-fedora-clang | 2017.4-1 | 62.83 | NOTE | |||
r-devel-linux-x86_64-fedora-gcc | 2017.4-1 | 62.05 | OK | |||
r-devel-windows-x86_64 | 2017.4-1 | 28.00 | 68.00 | 96.00 | OK | |
r-patched-linux-x86_64 | 2017.4-1 | 4.23 | 36.43 | 40.66 | OK | |
r-release-linux-x86_64 | 2017.4-1 | 4.48 | 35.91 | 40.39 | OK | |
r-release-macos-arm64 | 2017.4-1 | 20.00 | OK | |||
r-release-macos-x86_64 | 2017.4-1 | 30.00 | OK | |||
r-release-windows-x86_64 | 2017.4-1 | 27.00 | 68.00 | 95.00 | OK | |
r-oldrel-macos-arm64 | 2017.4-1 | 27.00 | OK | |||
r-oldrel-macos-x86_64 | 2017.4-1 | 41.00 | OK | |||
r-oldrel-windows-ix86+x86_64 | 2017.4-1 | 13.00 | 61.00 | 74.00 | OK |
Version: 2017.4-1
Check: Rd cross-references
Result: NOTE
Undeclared packages ‘TSSQLite’, ‘TSMySQL’, ‘TSPostgreSQL’ in Rd xrefs
Flavor: r-devel-linux-x86_64-fedora-clang