CRAN Package Check Results for Package TSstudio

Last updated on 2020-07-08 10:50:56 CEST.

Flavor Version Tinstall Tcheck Ttotal Status Flags
r-devel-linux-x86_64-debian-clang 0.1.6 10.46 112.04 122.50 OK
r-devel-linux-x86_64-debian-gcc 0.1.6 7.04 85.23 92.27 OK
r-devel-linux-x86_64-fedora-clang 0.1.6 133.71 NOTE
r-devel-linux-x86_64-fedora-gcc 0.1.6 133.80 NOTE
r-devel-windows-ix86+x86_64 0.1.6 17.00 127.00 144.00 OK
r-patched-linux-x86_64 0.1.6 8.47 103.18 111.65 OK
r-release-linux-x86_64 0.1.6 7.31 100.76 108.07 OK
r-release-osx-x86_64 0.1.6 WARN
r-release-windows-ix86+x86_64 0.1.6 20.00 116.00 136.00 OK
r-oldrel-osx-x86_64 0.1.6 WARN
r-oldrel-windows-ix86+x86_64 0.1.6 24.00 150.00 174.00 OK

Check Details

Version: 0.1.6
Check: dependencies in R code
Result: NOTE
    Namespace in Imports field not imported from: ‘forecastHybrid’
     All declared Imports should be used.
Flavors: r-devel-linux-x86_64-fedora-clang, r-devel-linux-x86_64-fedora-gcc, r-release-osx-x86_64, r-oldrel-osx-x86_64

Version: 0.1.6
Check: re-building of vignette outputs
Result: WARN
    Error(s) in re-building vignettes:
    --- re-building ‘Plotting_Time_Series.Rmd’ using rmarkdown
    Loading required package: ggplot2
    
    Attaching package: 'plotly'
    
    The following object is masked from 'package:ggplot2':
    
     last_plot
    
    The following object is masked from 'package:stats':
    
     filter
    
    The following object is masked from 'package:graphics':
    
     layout
    
    dyld: lazy symbol binding failed: Symbol not found: ____chkstk_darwin
     Referenced from: /usr/local/bin/pandoc (which was built for Mac OS X 10.15)
     Expected in: /usr/lib/libSystem.B.dylib
    
    dyld: Symbol not found: ____chkstk_darwin
     Referenced from: /usr/local/bin/pandoc (which was built for Mac OS X 10.15)
     Expected in: /usr/lib/libSystem.B.dylib
    
    Error: processing vignette 'Plotting_Time_Series.Rmd' failed with diagnostics:
    pandoc document conversion failed with error 6
    --- failed re-building ‘Plotting_Time_Series.Rmd’
    
    SUMMARY: processing the following file failed:
     ‘Plotting_Time_Series.Rmd’
    
    Error: Vignette re-building failed.
    Execution halted
Flavor: r-release-osx-x86_64

Version: 0.1.6
Check: re-building of vignette outputs
Result: WARN
    Error(s) in re-building vignettes:
     ...
    --- re-building ‘Plotting_Time_Series.Rmd’ using rmarkdown
    Warning in engine$weave(file, quiet = quiet, encoding = enc) :
     Pandoc (>= 1.12.3) and/or pandoc-citeproc not available. Falling back to R Markdown v1.
    PhantomJS not found. You can install it with webshot::install_phantomjs(). If it is installed, please make sure the phantomjs executable can be found via the PATH variable.
    Warning in normalizePath(f2) :
     path[1]="webshot100af396368a2.png": No such file or directory
    Warning in file(con, "rb") :
     cannot open file 'webshot100af396368a2.png': No such file or directory
    Quitting from lines 39-44 (Plotting_Time_Series.Rmd)
    Error: processing vignette 'Plotting_Time_Series.Rmd' failed with diagnostics:
    cannot open the connection
    --- failed re-building ‘Plotting_Time_Series.Rmd’
    
    SUMMARY: processing the following file failed:
     ‘Plotting_Time_Series.Rmd’
    
    Error: Vignette re-building failed.
    Execution halted
Flavor: r-oldrel-osx-x86_64