CRAN Package Check Results for Package TSstudio

Last updated on 2019-09-23 10:48:22 CEST.

Flavor Version Tinstall Tcheck Ttotal Status Flags
r-devel-linux-x86_64-debian-clang 0.1.4 7.95 104.03 111.98 NOTE
r-devel-linux-x86_64-debian-gcc 0.1.4 6.57 86.88 93.45 NOTE
r-devel-linux-x86_64-fedora-clang 0.1.4 121.69 NOTE
r-devel-linux-x86_64-fedora-gcc 0.1.4 115.53 NOTE
r-devel-windows-ix86+x86_64 0.1.4 18.00 164.00 182.00 NOTE
r-patched-linux-x86_64 0.1.4 7.80 95.47 103.27 OK
r-release-linux-x86_64 0.1.4 6.66 99.38 106.04 OK
r-release-windows-ix86+x86_64 0.1.4 26.00 161.00 187.00 OK
r-release-osx-x86_64 0.1.4 WARN
r-oldrel-windows-ix86+x86_64 0.1.4 12.00 115.00 127.00 OK
r-oldrel-osx-x86_64 0.1.4 WARN

Check Details

Version: 0.1.4
Check: package vignettes
Result: NOTE
    Package vignette with placeholder title 'Vignette Title':
     'Plotting_Time_Series.Rmd'
Flavors: r-devel-linux-x86_64-debian-clang, r-devel-linux-x86_64-debian-gcc, r-devel-windows-ix86+x86_64

Version: 0.1.4
Check: dependencies in R code
Result: NOTE
    Namespace in Imports field not imported from: ‘purrr’
     All declared Imports should be used.
Flavors: r-devel-linux-x86_64-fedora-clang, r-devel-linux-x86_64-fedora-gcc, r-release-osx-x86_64, r-oldrel-osx-x86_64

Version: 0.1.4
Check: re-building of vignette outputs
Result: WARN
    Error(s) in re-building vignettes:
    --- re-building ‘Plotting_Time_Series.Rmd’ using rmarkdown
    Warning in engine$weave(file, quiet = quiet, encoding = enc) :
     Pandoc (>= 1.12.3) and/or pandoc-citeproc not available. Falling back to R Markdown v1.
    ts_plot package:TSstudio R Documentation
    
    _<08>P_<08>l_<08>o_<08>t_<08>t_<08>i_<08>n_<08>g _<08>T_<08>i_<08>m_<08>e _<08>S_<08>e_<08>r_<08>i_<08>e_<08>s _<08>O_<08>b_<08>j_<08>e_<08>c_<08>t_<08>s
    
    _<08>D_<08>e_<08>s_<08>c_<08>r_<08>i_<08>p_<08>t_<08>i_<08>o_<08>n:
    
     Visualization functions for time series object
    
    _<08>U_<08>s_<08>a_<08>g_<08>e:
    
     ts_plot(ts.obj, line.mode = "lines", width = 2, dash = NULL,
     color = NULL, slider = FALSE, type = "multiple", Xtitle = NULL,
     Ytitle = NULL, title = NULL, Xgrid = FALSE, Ygrid = FALSE)
    
    _<08>A_<08>r_<08>g_<08>u_<08>m_<08>e_<08>n_<08>t_<08>s:
    
     ts.obj: A univariate or multivariate time series object of class
     "ts", "mts", "zoo", "xts", or any data frame object with a
     minimum of one numeric column and either a Date or POSIXt
     class column
    
    line.mode: A plotly argument, define the plot type, c("lines",
     "lines+markers", "markers")
    
     width: An Integer, define the plot width, default is set to 2
    
     dash: A plotly argument, define the line style, c(NULL, "dot",
     "dash")
    
     color: The color of the plot, support both name and expression
    
     slider: Logic, add slider to modify the time axis (default set to
     FALSE)
    
     type: Applicable for multiple time series object, plot on a
     separate plot or all together c("single, "multiple)
    
     Xtitle: A character, set the X axis title, default set to NULL
    
     Ytitle: A character, set the Y axis title, default set to NULL
    
     title: A character, set the plot title, default set to NULL
    
     Xgrid: Logic,show the X axis grid if set to TRUE
    
     Ygrid: Logic,show the Y axis grid if set to TRUE
    
    _<08>E_<08>x_<08>a_<08>m_<08>p_<08>l_<08>e_<08>s:
    
     data(USVSales)
     ts_plot(USVSales)
    
     # adding slider
     ts_plot(USVSales, slider = TRUE)
    
    
    Quitting from lines 43-44 (Plotting_Time_Series.Rmd)
    Error: processing vignette 'Plotting_Time_Series.Rmd' failed with diagnostics:
    cannot open the connection
    --- failed re-building ‘Plotting_Time_Series.Rmd’
    
    SUMMARY: processing the following file failed:
     ‘Plotting_Time_Series.Rmd’
    
    Error: Vignette re-building failed.
    Execution halted
Flavor: r-release-osx-x86_64

Version: 0.1.4
Check: re-building of vignette outputs
Result: WARN
    Error in re-building vignettes:
     ...
     separate plot or all together c("single, "multiple)
    
     Xtitle: A character, set the X axis title, default set to NULL
    
     Ytitle: A character, set the Y axis title, default set to NULL
    
     title: A character, set the plot title, default set to NULL
    
     Xgrid: Logic,show the X axis grid if set to TRUE
    
     Ygrid: Logic,show the Y axis grid if set to TRUE
    
    _<08>E_<08>x_<08>a_<08>m_<08>p_<08>l_<08>e_<08>s:
    
     data(USVSales)
     ts_plot(USVSales)
    
     # adding slider
     ts_plot(USVSales, slider = TRUE)
    
    
    Quitting from lines 43-44 (Plotting_Time_Series.Rmd)
    Error: processing vignette 'Plotting_Time_Series.Rmd' failed with diagnostics:
    cannot open the connection
    Execution halted
Flavor: r-oldrel-osx-x86_64