Last updated on 2023-03-23 02:49:59 CET.
Flavor | Version | Tinstall | Tcheck | Ttotal | Status | Flags |
---|---|---|---|---|---|---|
r-devel-linux-x86_64-debian-clang | 0.1 | 2.02 | 21.06 | 23.08 | NOTE | |
r-devel-linux-x86_64-debian-gcc | 0.1 | 1.78 | 16.74 | 18.52 | NOTE | |
r-devel-linux-x86_64-fedora-clang | 0.1 | 30.65 | NOTE | |||
r-devel-linux-x86_64-fedora-gcc | 0.1 | 29.47 | NOTE | |||
r-devel-windows-x86_64 | 0.1 | 14.00 | 59.00 | 73.00 | NOTE | |
r-patched-linux-x86_64 | 0.1 | 1.93 | 22.23 | 24.16 | NOTE | |
r-release-linux-x86_64 | 0.1 | 2.18 | 22.68 | 24.86 | NOTE | |
r-release-macos-arm64 | 0.1 | 14.00 | NOTE | |||
r-release-macos-x86_64 | 0.1 | 20.00 | NOTE | |||
r-release-windows-x86_64 | 0.1 | 8.00 | 48.00 | 56.00 | NOTE | |
r-oldrel-macos-arm64 | 0.1 | 17.00 | NOTE | |||
r-oldrel-macos-x86_64 | 0.1 | 26.00 | NOTE | |||
r-oldrel-windows-ix86+x86_64 | 0.1 | 6.00 | 48.00 | 54.00 | NOTE |
Version: 0.1
Check: LazyData
Result: NOTE
'LazyData' is specified without a 'data' directory
Flavors: r-devel-linux-x86_64-debian-clang, r-devel-linux-x86_64-debian-gcc, r-devel-linux-x86_64-fedora-clang, r-devel-linux-x86_64-fedora-gcc, r-devel-windows-x86_64, r-patched-linux-x86_64, r-release-linux-x86_64, r-release-macos-arm64, r-release-macos-x86_64, r-release-windows-x86_64, r-oldrel-macos-arm64, r-oldrel-macos-x86_64, r-oldrel-windows-ix86+x86_64