CRAN Package Check Results for Package TargomoR

Last updated on 2020-11-27 21:47:43 CET.

Flavor Version Tinstall Tcheck Ttotal Status Flags
r-devel-linux-x86_64-debian-clang 0.2.0 3.86 30.50 34.36 OK
r-devel-linux-x86_64-debian-gcc 0.2.0 3.57 24.86 28.43 OK
r-devel-linux-x86_64-fedora-clang 0.2.0 48.06 NOTE
r-devel-linux-x86_64-fedora-gcc 0.2.0 38.41 NOTE
r-devel-windows-ix86+x86_64 0.2.0 7.00 42.00 49.00 OK
r-patched-linux-x86_64 0.2.0 4.54 29.78 34.32 OK
r-patched-solaris-x86 0.2.0 54.20 NOTE
r-release-linux-x86_64 0.2.0 3.66 28.37 32.03 OK
r-release-macos-x86_64 0.2.0 NOTE
r-release-windows-ix86+x86_64 0.2.0 9.00 55.00 64.00 OK
r-oldrel-macos-x86_64 0.2.0 NOTE
r-oldrel-windows-ix86+x86_64 0.2.0 4.00 40.00 44.00 OK

Check Details

Version: 0.2.0
Check: dependencies in R code
Result: NOTE
    Namespace in Imports field not imported from: ‘xml2’
     All declared Imports should be used.
Flavors: r-devel-linux-x86_64-fedora-clang, r-devel-linux-x86_64-fedora-gcc, r-patched-solaris-x86, r-release-macos-x86_64, r-oldrel-macos-x86_64