CRAN Package Check Results for Package Temporal

Last updated on 2019-09-19 10:48:05 CEST.

Flavor Version Tinstall Tcheck Ttotal Status Flags
r-devel-linux-x86_64-debian-clang 0.1.1 44.68 40.46 85.14 OK
r-devel-linux-x86_64-debian-gcc 0.1.1 38.49 33.78 72.27 OK
r-devel-linux-x86_64-fedora-clang 0.1.1 119.26 NOTE
r-devel-linux-x86_64-fedora-gcc 0.1.1 120.04 OK
r-devel-windows-ix86+x86_64 0.1.1 102.00 81.00 183.00 OK
r-patched-linux-x86_64 0.1.1 46.77 41.92 88.69 OK
r-patched-solaris-x86 0.1.1 148.60 OK
r-release-linux-x86_64 0.1.1 43.16 41.96 85.12 OK
r-release-windows-ix86+x86_64 0.1.1 65.00 75.00 140.00 OK
r-release-osx-x86_64 0.1.1 NOTE
r-oldrel-windows-ix86+x86_64 0.1.1 70.00 73.00 143.00 OK
r-oldrel-osx-x86_64 0.1.1 NOTE

Check Details

Version: 0.1.1
Check: installed package size
Result: NOTE
     installed size is 16.1Mb
     sub-directories of 1Mb or more:
     libs 15.7Mb
Flavors: r-devel-linux-x86_64-fedora-clang, r-release-osx-x86_64, r-oldrel-osx-x86_64