CRAN Package Check Results for Package Temporal

Last updated on 2020-02-27 19:49:00 CET.

Flavor Version Tinstall Tcheck Ttotal Status Flags
r-devel-linux-x86_64-debian-clang 0.1.1 49.01 75.24 124.25 OK
r-devel-linux-x86_64-debian-gcc 0.1.1 38.64 56.61 95.25 OK
r-devel-linux-x86_64-fedora-clang 0.1.1 158.19 NOTE
r-devel-linux-x86_64-fedora-gcc 0.1.1 158.16 OK
r-devel-windows-ix86+x86_64 0.1.1 73.00 96.00 169.00 OK
r-devel-windows-ix86+x86_64-gcc8 0.1.1 89.00 113.00 202.00 OK
r-patched-linux-x86_64 0.1.1 43.54 69.06 112.60 OK
r-patched-solaris-x86 0.1.1 149.80 OK
r-release-linux-x86_64 0.1.1 45.91 68.29 114.20 OK
r-release-windows-ix86+x86_64 0.1.1 69.00 107.00 176.00 OK
r-release-osx-x86_64 0.1.1 NOTE
r-oldrel-windows-ix86+x86_64 0.1.1 74.00 96.00 170.00 OK
r-oldrel-osx-x86_64 0.1.1 NOTE

Check Details

Version: 0.1.1
Check: installed package size
Result: NOTE
     installed size is 16.1Mb
     sub-directories of 1Mb or more:
     libs 15.7Mb
Flavors: r-devel-linux-x86_64-fedora-clang, r-release-osx-x86_64, r-oldrel-osx-x86_64