Last updated on 2023-03-24 22:00:07 CET.
Flavor | Version | Tinstall | Tcheck | Ttotal | Status | Flags |
---|---|---|---|---|---|---|
r-devel-linux-x86_64-debian-clang | 0.1.0 | 7.36 | 84.63 | 91.99 | NOTE | |
r-devel-linux-x86_64-debian-gcc | 0.1.0 | 8.20 | 65.78 | 73.98 | NOTE | |
r-devel-linux-x86_64-fedora-clang | 0.1.0 | 121.27 | NOTE | |||
r-devel-linux-x86_64-fedora-gcc | 0.1.0 | 120.17 | NOTE | |||
r-devel-windows-x86_64 | 0.1.0 | 30.00 | 111.00 | 141.00 | NOTE | |
r-patched-linux-x86_64 | 0.1.0 | 7.71 | 82.11 | 89.82 | OK | |
r-release-linux-x86_64 | 0.1.0 | 9.94 | 82.58 | 92.52 | OK | |
r-release-macos-arm64 | 0.1.0 | 37.00 | OK | |||
r-release-macos-x86_64 | 0.1.0 | 48.00 | OK | |||
r-release-windows-x86_64 | 0.1.0 | 21.00 | 109.00 | 130.00 | OK | |
r-oldrel-macos-arm64 | 0.1.0 | 38.00 | OK | |||
r-oldrel-macos-x86_64 | 0.1.0 | 66.00 | OK | |||
r-oldrel-windows-ix86+x86_64 | 0.1.0 | 19.00 | 110.00 | 129.00 | OK |
Version: 0.1.0
Check: package subdirectories
Result: NOTE
Problems with news in ‘NEWS.md’:
No news entries found.
Flavors: r-devel-linux-x86_64-debian-clang, r-devel-linux-x86_64-debian-gcc, r-devel-linux-x86_64-fedora-clang, r-devel-linux-x86_64-fedora-gcc, r-devel-windows-x86_64