CRAN Package Check Results for Package TesiproV

Last updated on 2024-07-22 12:53:55 CEST.

Flavor Version Tinstall Tcheck Ttotal Status Flags
r-devel-linux-x86_64-debian-clang 0.9.2 10.71 75.11 85.82 NOTE
r-devel-linux-x86_64-debian-gcc 0.9.2 7.33 56.65 63.98 NOTE
r-devel-linux-x86_64-fedora-clang 0.9.2 111.77 NOTE
r-devel-linux-x86_64-fedora-gcc 0.9.2 110.84 NOTE
r-devel-windows-x86_64 0.9.2 9.00 73.00 82.00 NOTE
r-patched-linux-x86_64 0.9.2 6.75 72.04 78.79 NOTE
r-release-linux-x86_64 0.9.2 9.03 71.81 80.84 NOTE
r-release-macos-arm64 0.9.2 38.00 NOTE
r-release-macos-x86_64 0.9.2 57.00 NOTE
r-release-windows-x86_64 0.9.2 8.00 136.00 144.00 NOTE
r-oldrel-macos-arm64 0.9.2 39.00 OK
r-oldrel-macos-x86_64 0.9.2 66.00 OK
r-oldrel-windows-x86_64 0.9.2 12.00 165.00 177.00 OK

Check Details

Version: 0.9.2
Check: Rd files
Result: NOTE checkRd: (-1) MC_CRUDE.Rd:19: Lost braces; missing escapes or markup? 19 | \item{lsf}{objective function with limit state function in form of function(x) {x[1]+x[2]...}} | ^ checkRd: (-1) MC_IS.Rd:23: Lost braces; missing escapes or markup? 23 | \item{lsf}{objective function with limit state function in form of function(x) {x[1]+x[2]...}} | ^ checkRd: (-1) PROB_BASEVAR-class.Rd:14: Lost braces 14 | \item{\code{Id}}{Place in vector of objective functional expression function(x){x[id]}} | ^ checkRd: (-1) PROB_DETVAR-class.Rd:14: Lost braces 14 | \item{\code{Id}}{Place in vector of objective functional expression function(x){x[id]}} | ^ checkRd: (-1) SORM.Rd:10: Lost braces; missing escapes or markup? 10 | \item{lsf}{objective function with limit state function in form of function(x) {x[1]+x[2]...}} | ^ checkRd: (-1) SYS_LSF-class.Rd:16: Lost braces 16 | \item{\code{func}}{prepared for objective functions like SYS_LSF$func <- function(x){return(x[1] + x[2])}} | ^ Flavors: r-devel-linux-x86_64-debian-clang, r-devel-linux-x86_64-debian-gcc, r-devel-linux-x86_64-fedora-clang, r-devel-linux-x86_64-fedora-gcc, r-devel-windows-x86_64, r-patched-linux-x86_64, r-release-linux-x86_64, r-release-macos-arm64, r-release-macos-x86_64, r-release-windows-x86_64