CRAN Package Check Results for Package TextForecast

Last updated on 2024-02-28 20:53:38 CET.

Flavor Version Tinstall Tcheck Ttotal Status Flags
r-devel-linux-x86_64-debian-clang 0.1.3 12.03 132.37 144.40 OK
r-devel-linux-x86_64-debian-gcc 0.1.3 11.53 104.17 115.70 OK
r-devel-linux-x86_64-fedora-clang 0.1.3 180.56 NOTE
r-devel-linux-x86_64-fedora-gcc 0.1.3 185.34 NOTE
r-devel-windows-x86_64 0.1.3 12.00 120.00 132.00 OK
r-patched-linux-x86_64 0.1.3 8.87 134.09 142.96 OK
r-release-linux-x86_64 0.1.3 9.71 131.76 141.47 OK
r-release-macos-arm64 0.1.3 74.00 OK
r-release-macos-x86_64 0.1.3 105.00 OK
r-release-windows-x86_64 0.1.3 17.00 138.00 155.00 OK
r-oldrel-macos-arm64 0.1.3 69.00 NOTE
r-oldrel-windows-x86_64 0.1.3 19.00 154.00 173.00 OK

Check Details

Version: 0.1.3
Check: dependencies in R code
Result: NOTE Namespaces in Imports field not imported from: ‘doParallel’ ‘forecast’ ‘parallel’ ‘tidyr’ All declared Imports should be used. Flavors: r-devel-linux-x86_64-fedora-clang, r-devel-linux-x86_64-fedora-gcc, r-oldrel-macos-arm64

Version: 0.1.3
Check: data for non-ASCII characters
Result: NOTE Note: found 40 marked UTF-8 strings Flavors: r-devel-linux-x86_64-fedora-clang, r-devel-linux-x86_64-fedora-gcc, r-oldrel-macos-arm64