Last updated on 2023-03-27 23:55:57 CEST.
Flavor | Version | Tinstall | Tcheck | Ttotal | Status | Flags |
---|---|---|---|---|---|---|
r-devel-linux-x86_64-debian-clang | 0.1.3 | 15.31 | 138.63 | 153.94 | OK | |
r-devel-linux-x86_64-debian-gcc | 0.1.3 | 12.17 | 105.94 | 118.11 | OK | |
r-devel-linux-x86_64-fedora-clang | 0.1.3 | 188.06 | NOTE | |||
r-devel-linux-x86_64-fedora-gcc | 0.1.3 | 204.28 | NOTE | |||
r-devel-windows-x86_64 | 0.1.3 | 52.00 | 184.00 | 236.00 | OK | |
r-patched-linux-x86_64 | 0.1.3 | 11.84 | 131.88 | 143.72 | OK | |
r-release-linux-x86_64 | 0.1.3 | 10.99 | 133.56 | 144.55 | OK | |
r-release-macos-arm64 | 0.1.3 | 69.00 | NOTE | |||
r-release-macos-x86_64 | 0.1.3 | 81.00 | NOTE | |||
r-release-windows-x86_64 | 0.1.3 | 49.00 | 313.00 | 362.00 | OK | |
r-oldrel-macos-arm64 | 0.1.3 | 63.00 | NOTE | |||
r-oldrel-macos-x86_64 | 0.1.3 | 82.00 | NOTE | |||
r-oldrel-windows-ix86+x86_64 | 0.1.3 | 35.00 | 163.00 | 198.00 | OK |
Version: 0.1.3
Check: dependencies in R code
Result: NOTE
Namespaces in Imports field not imported from:
‘doParallel’ ‘forecast’ ‘parallel’ ‘tidyr’
All declared Imports should be used.
Flavors: r-devel-linux-x86_64-fedora-clang, r-devel-linux-x86_64-fedora-gcc, r-release-macos-arm64, r-release-macos-x86_64, r-oldrel-macos-arm64, r-oldrel-macos-x86_64
Version: 0.1.3
Check: data for non-ASCII characters
Result: NOTE
Note: found 40 marked UTF-8 strings
Flavors: r-devel-linux-x86_64-fedora-clang, r-devel-linux-x86_64-fedora-gcc, r-release-macos-arm64, r-release-macos-x86_64, r-oldrel-macos-arm64, r-oldrel-macos-x86_64