CRAN Package Check Results for Package TooManyCellsR

Last updated on 2020-02-20 22:51:15 CET.

Flavor Version Tinstall Tcheck Ttotal Status Flags
r-devel-linux-x86_64-debian-clang 0.1.1.0 1.85 21.53 23.38 OK
r-devel-linux-x86_64-debian-gcc 0.1.1.0 1.73 17.08 18.81 OK
r-devel-linux-x86_64-fedora-clang 0.1.1.0 32.46 NOTE
r-devel-linux-x86_64-fedora-gcc 0.1.1.0 29.31 NOTE
r-devel-windows-ix86+x86_64 0.1.1.0 7.00 32.00 39.00 OK
r-devel-windows-ix86+x86_64-gcc8 0.1.1.0 7.00 46.00 53.00 OK
r-patched-linux-x86_64 0.1.1.0 1.57 19.11 20.68 OK
r-patched-solaris-x86 0.1.1.0 42.90 NOTE
r-release-linux-x86_64 0.1.1.0 1.65 19.35 21.00 OK
r-release-windows-ix86+x86_64 0.1.1.0 4.00 34.00 38.00 OK
r-release-osx-x86_64 0.1.1.0 NOTE
r-oldrel-windows-ix86+x86_64 0.1.1.0 3.00 34.00 37.00 OK
r-oldrel-osx-x86_64 0.1.1.0 NOTE

Check Details

Version: 0.1.1.0
Check: dependencies in R code
Result: NOTE
    Namespaces in Imports field not imported from:
     ‘cowplot’ ‘ggplot2’ ‘jsonlite’
     All declared Imports should be used.
Flavors: r-devel-linux-x86_64-fedora-clang, r-devel-linux-x86_64-fedora-gcc, r-patched-solaris-x86, r-release-osx-x86_64, r-oldrel-osx-x86_64