CRAN Package Check Results for Package TooManyCellsR

Last updated on 2019-09-18 09:50:42 CEST.

Flavor Version Tinstall Tcheck Ttotal Status Flags
r-devel-linux-x86_64-debian-clang 0.1.0.0 1.73 19.09 20.82 OK
r-devel-linux-x86_64-debian-gcc 0.1.0.0 1.50 15.54 17.04 OK
r-devel-linux-x86_64-fedora-clang 0.1.0.0 26.75 NOTE
r-devel-linux-x86_64-fedora-gcc 0.1.0.0 25.61 NOTE
r-devel-windows-ix86+x86_64 0.1.0.0 8.00 48.00 56.00 OK
r-patched-linux-x86_64 0.1.0.0 1.40 18.96 20.36 OK
r-patched-solaris-x86 0.1.0.0 41.30 NOTE
r-release-linux-x86_64 0.1.0.0 1.30 19.15 20.45 OK
r-release-windows-ix86+x86_64 0.1.0.0 5.00 33.00 38.00 OK
r-release-osx-x86_64 0.1.0.0 NOTE
r-oldrel-windows-ix86+x86_64 0.1.0.0 2.00 32.00 34.00 OK
r-oldrel-osx-x86_64 0.1.0.0 NOTE

Check Details

Version: 0.1.0.0
Check: dependencies in R code
Result: NOTE
    Namespaces in Imports field not imported from:
     ‘cowplot’ ‘ggplot2’ ‘jsonlite’
     All declared Imports should be used.
Flavors: r-devel-linux-x86_64-fedora-clang, r-devel-linux-x86_64-fedora-gcc, r-patched-solaris-x86, r-release-osx-x86_64, r-oldrel-osx-x86_64