CRAN Package Check Results for Package TopKLists

Last updated on 2024-07-24 07:51:17 CEST.

Flavor Version Tinstall Tcheck Ttotal Status Flags
r-devel-linux-x86_64-debian-clang 1.0.8 10.24 116.70 126.94 NOTE
r-devel-linux-x86_64-debian-gcc 1.0.8 7.93 88.91 96.84 NOTE
r-devel-linux-x86_64-fedora-clang 1.0.8 167.78 NOTE
r-devel-linux-x86_64-fedora-gcc 1.0.8 172.00 NOTE
r-devel-windows-x86_64 1.0.8 14.00 132.00 146.00 NOTE
r-patched-linux-x86_64 1.0.8 6.97 116.83 123.80 NOTE
r-release-linux-x86_64 1.0.8 6.56 117.20 123.76 NOTE
r-release-macos-arm64 1.0.8 59.00 NOTE
r-release-macos-x86_64 1.0.8 91.00 WARN
r-release-windows-x86_64 1.0.8 13.00 129.00 142.00 NOTE
r-oldrel-macos-arm64 1.0.8 83.00 NOTE
r-oldrel-macos-x86_64 1.0.8 124.00 NOTE
r-oldrel-windows-x86_64 1.0.8 17.00 205.00 222.00 NOTE

Check Details

Version: 1.0.8
Check: package dependencies
Result: NOTE Packages suggested but not available for checking: 'RGtk2', 'gWidgets2RGtk2' Flavors: r-devel-linux-x86_64-debian-clang, r-devel-linux-x86_64-debian-gcc, r-devel-linux-x86_64-fedora-clang, r-devel-linux-x86_64-fedora-gcc, r-devel-windows-x86_64, r-patched-linux-x86_64, r-release-linux-x86_64, r-release-macos-arm64, r-release-macos-x86_64, r-release-windows-x86_64, r-oldrel-macos-arm64, r-oldrel-macos-x86_64, r-oldrel-windows-x86_64

Version: 1.0.8
Check: re-building of vignette outputs
Result: WARN Error(s) in re-building vignettes: ... --- re-building ‘TopKLists.Rnw’ using knitr Error: processing vignette 'TopKLists.Rnw' failed with diagnostics: Running 'texi2dvi' on 'TopKLists.tex' failed. LaTeX errors: ! Undefined control sequence. l.137 \hlkwd{library}\hldef {(TopKLists)} ? ! Emergency stop. ! Emergency stop. l.137 End of file on the terminal! ! ==> Fatal error occurred, no output PDF file produced! --- failed re-building ‘TopKLists.Rnw’ SUMMARY: processing the following file failed: ‘TopKLists.Rnw’ Error: Vignette re-building failed. Execution halted Flavor: r-release-macos-x86_64