CRAN Package Check Results for Package TotalCopheneticIndex

Last updated on 2020-06-05 20:48:52 CEST.

Flavor Version Tinstall Tcheck Ttotal Status Flags
r-devel-linux-x86_64-debian-clang 1.0.1 2.01 25.25 27.26 NOTE
r-devel-linux-x86_64-debian-gcc 1.0.1 1.62 20.02 21.64 NOTE
r-devel-linux-x86_64-fedora-clang 1.0.1 40.13 NOTE
r-devel-linux-x86_64-fedora-gcc 1.0.1 30.41 NOTE
r-devel-windows-ix86+x86_64 1.0.1 8.00 40.00 48.00 OK
r-patched-linux-x86_64 1.0.1 1.99 24.62 26.61 NOTE
r-patched-solaris-x86 1.0.1 48.50 NOTE
r-release-linux-x86_64 1.0.1 1.83 25.49 27.32 NOTE
r-release-osx-x86_64 1.0.1 OK
r-release-windows-ix86+x86_64 1.0.1 5.00 53.00 58.00 OK
r-oldrel-osx-x86_64 1.0.1 OK
r-oldrel-windows-ix86+x86_64 1.0.1 7.00 31.00 38.00 OK

Check Details

Version: 1.0.1
Check: package dependencies
Result: NOTE
    Package suggested but not available for checking: 'CollessLike'
Flavors: r-devel-linux-x86_64-debian-clang, r-devel-linux-x86_64-debian-gcc, r-devel-linux-x86_64-fedora-clang, r-devel-linux-x86_64-fedora-gcc, r-patched-linux-x86_64, r-patched-solaris-x86, r-release-linux-x86_64

Version: 1.0.1
Check: Rd cross-references
Result: NOTE
    Unknown package 'CollessLike' in Rd xrefs
Flavors: r-devel-linux-x86_64-debian-clang, r-devel-linux-x86_64-debian-gcc, r-devel-linux-x86_64-fedora-clang, r-devel-linux-x86_64-fedora-gcc, r-patched-linux-x86_64, r-patched-solaris-x86, r-release-linux-x86_64