CRAN Package Check Results for Package Tplyr

Last updated on 2021-05-14 16:47:49 CEST.

Flavor Version Tinstall Tcheck Ttotal Status Flags
r-devel-linux-x86_64-debian-clang 0.4.0 10.48 188.82 199.30 NOTE
r-devel-linux-x86_64-debian-gcc 0.4.0 7.09 141.88 148.97 NOTE
r-devel-linux-x86_64-fedora-clang 0.4.0 236.41 NOTE
r-devel-linux-x86_64-fedora-gcc 0.4.0 225.69 NOTE
r-devel-windows-ix86+x86_64 0.4.0 20.00 221.00 241.00 NOTE
r-devel-windows-x86_64-gcc10-UCRT 0.4.0 NOTE
r-patched-linux-x86_64 0.4.0 9.57 179.50 189.07 NOTE
r-patched-solaris-x86 0.4.0 280.00 NOTE
r-release-linux-x86_64 0.4.0 9.23 184.52 193.75 OK
r-release-macos-x86_64 0.4.0 OK
r-release-windows-ix86+x86_64 0.4.0 13.00 202.00 215.00 OK
r-oldrel-macos-x86_64 0.4.0 OK
r-oldrel-windows-ix86+x86_64 0.4.0 17.00 212.00 229.00 OK

Check Details

Version: 0.4.0
Check: LazyData
Result: NOTE
     'LazyData' is specified without a 'data' directory
Flavors: r-devel-linux-x86_64-debian-clang, r-devel-linux-x86_64-debian-gcc, r-devel-linux-x86_64-fedora-clang, r-devel-linux-x86_64-fedora-gcc, r-devel-windows-ix86+x86_64, r-devel-windows-x86_64-gcc10-UCRT, r-patched-linux-x86_64, r-patched-solaris-x86