CRAN Package Check Results for Package TreeSearch

Last updated on 2022-08-17 01:52:23 CEST.

Flavor Version Tinstall Tcheck Ttotal Status Flags
r-devel-linux-x86_64-debian-clang 1.2.0 48.75 395.98 444.73 OK
r-devel-linux-x86_64-debian-gcc 1.2.0 37.90 286.82 324.72 OK
r-devel-linux-x86_64-fedora-clang 1.2.0 570.25 OK
r-devel-linux-x86_64-fedora-gcc 1.2.0 586.29 OK
r-devel-windows-x86_64 1.2.0 149.00 427.00 576.00 NOTE
r-patched-linux-x86_64 1.2.0 49.70 372.32 422.02 OK
r-release-linux-x86_64 1.2.0 33.71 363.46 397.17 OK
r-release-macos-arm64 1.2.0 131.00 NOTE
r-release-macos-x86_64 1.2.0 192.00 NOTE
r-release-windows-x86_64 1.2.0 194.00 492.00 686.00 NOTE
r-oldrel-macos-arm64 1.2.0 132.00 NOTE
r-oldrel-macos-x86_64 1.2.0 193.00 NOTE
r-oldrel-windows-ix86+x86_64 1.2.0 119.00 595.00 714.00 NOTE

Check Details

Version: 1.2.0
Check: installed package size
Result: NOTE
     installed size is 5.1Mb
     sub-directories of 1Mb or more:
     datasets 1.6Mb
     libs 1.1Mb
Flavors: r-devel-windows-x86_64, r-release-macos-arm64, r-release-macos-x86_64, r-release-windows-x86_64, r-oldrel-macos-arm64, r-oldrel-macos-x86_64, r-oldrel-windows-ix86+x86_64