CRAN Package Check Results for Package TukeyRegion

Last updated on 2020-02-23 10:49:07 CET.

Flavor Version Tinstall Tcheck Ttotal Status Flags
r-devel-linux-x86_64-debian-clang 0.1.2 91.07 44.62 135.69 OK
r-devel-linux-x86_64-debian-gcc 0.1.2 66.66 37.75 104.41 WARN
r-devel-linux-x86_64-fedora-clang 0.1.2 193.60 NOTE
r-devel-linux-x86_64-fedora-gcc 0.1.2 183.40 WARN
r-devel-windows-ix86+x86_64 0.1.2 198.00 103.00 301.00 OK
r-devel-windows-ix86+x86_64-gcc8 0.1.2 297.00 137.00 434.00 WARN
r-patched-linux-x86_64 0.1.2 WARN
r-patched-solaris-x86 0.1.2 193.50 OK
r-release-linux-x86_64 0.1.2 72.98 44.04 117.02 WARN
r-release-windows-ix86+x86_64 0.1.2 168.00 98.00 266.00 OK
r-release-osx-x86_64 0.1.2 WARN
r-oldrel-windows-ix86+x86_64 0.1.2 187.00 106.00 293.00 OK
r-oldrel-osx-x86_64 0.1.2 WARN

Check Details

Version: 0.1.2
Check: whether package can be installed
Result: WARN
    Found the following significant warnings:
     /usr/include/x86_64-linux-gnu/bits/string_fortified.h:136:10: warning: ‘__builtin___strncat_chk’ output may be truncated copying between 0 and 199 bytes from a string of length 199 [-Wstringop-truncation]
Flavor: r-devel-linux-x86_64-debian-gcc

Version: 0.1.2
Check: installed package size
Result: NOTE
     installed size is 5.4Mb
     sub-directories of 1Mb or more:
     libs 5.3Mb
Flavor: r-devel-linux-x86_64-fedora-clang

Version: 0.1.2
Check: whether package can be installed
Result: WARN
    Found the following significant warnings:
     /usr/include/bits/string_fortified.h:136:10: warning: ‘__builtin___strncat_chk’ output may be truncated copying between 0 and 199 bytes from a string of length 199 [-Wstringop-truncation]
Flavor: r-devel-linux-x86_64-fedora-gcc

Version: 0.1.2
Check: whether package can be installed
Result: WARN
    Found the following significant warnings:
     libqhull/rboxlib.c:351:5: warning: 'strncat' output may be truncated copying between 0 and 199 bytes from a string of length 199 [-Wstringop-truncation]
Flavors: r-devel-windows-ix86+x86_64-gcc8, r-patched-linux-x86_64, r-release-linux-x86_64

Version: 0.1.2
Check: whether package can be installed
Result: WARN
    Found the following significant warnings:
     Warning: 'rgl_init' failed, running with rgl.useNULL = TRUE
Flavors: r-release-osx-x86_64, r-oldrel-osx-x86_64