Last updated on 2021-04-16 11:51:32 CEST.
Flavor | Version | Tinstall | Tcheck | Ttotal | Status | Flags |
---|---|---|---|---|---|---|
r-devel-linux-x86_64-debian-clang | 0.1.0 | 10.56 | 102.46 | 113.02 | OK | |
r-devel-linux-x86_64-debian-gcc | 0.1.0 | 10.08 | 76.31 | 86.39 | OK | |
r-devel-linux-x86_64-fedora-clang | 0.1.0 | 149.23 | NOTE | |||
r-devel-linux-x86_64-fedora-gcc | 0.1.0 | 132.63 | NOTE | |||
r-devel-windows-ix86+x86_64 | 0.1.0 | 27.00 | 132.00 | 159.00 | OK | |
r-devel-windows-x86_64-gcc10-UCRT | 0.1.0 | NOTE | ||||
r-patched-linux-x86_64 | 0.1.0 | 10.50 | 92.19 | 102.69 | OK | |
r-patched-solaris-x86 | 0.1.0 | 197.50 | NOTE | |||
r-release-linux-x86_64 | 0.1.0 | 11.25 | 92.23 | 103.48 | OK | |
r-release-macos-x86_64 | 0.1.0 | NOTE | ||||
r-release-windows-ix86+x86_64 | 0.1.0 | 45.00 | 127.00 | 172.00 | OK | |
r-oldrel-macos-x86_64 | 0.1.0 | NOTE | ||||
r-oldrel-windows-ix86+x86_64 | 0.1.0 | 17.00 | 82.00 | 99.00 | OK |
Version: 0.1.0
Check: data for non-ASCII characters
Result: NOTE
Note: found 34 marked Latin-1 strings
Flavors: r-devel-linux-x86_64-fedora-clang, r-devel-linux-x86_64-fedora-gcc, r-devel-windows-x86_64-gcc10-UCRT, r-patched-solaris-x86, r-release-macos-x86_64, r-oldrel-macos-x86_64