Last updated on 2023-06-03 02:51:34 CEST.
Flavor | Version | Tinstall | Tcheck | Ttotal | Status | Flags |
---|---|---|---|---|---|---|
r-devel-linux-x86_64-debian-clang | 0.2 | 13.17 | 108.23 | 121.40 | NOTE | |
r-devel-linux-x86_64-debian-gcc | 0.2 | 9.65 | 79.54 | 89.19 | NOTE | |
r-devel-linux-x86_64-fedora-clang | 0.2 | 148.15 | NOTE | |||
r-devel-linux-x86_64-fedora-gcc | 0.2 | 162.32 | NOTE | |||
r-devel-windows-x86_64 | 0.2 | 12.00 | 93.00 | 105.00 | NOTE | |
r-patched-linux-x86_64 | 0.2 | NOTE | ||||
r-release-linux-x86_64 | 0.2 | 10.89 | 100.72 | 111.61 | NOTE | |
r-release-macos-arm64 | 0.2 | 45.00 | NOTE | |||
r-release-macos-x86_64 | 0.2 | 69.00 | NOTE | |||
r-release-windows-x86_64 | 0.2 | 15.00 | 109.00 | 124.00 | NOTE | |
r-oldrel-macos-arm64 | 0.2 | 39.00 | NOTE | |||
r-oldrel-macos-x86_64 | 0.2 | 77.00 | NOTE | |||
r-oldrel-windows-x86_64 | 0.2 | 14.00 | 114.00 | 128.00 | NOTE |
Version: 0.2
Check: LazyData
Result: NOTE
'LazyData' is specified without a 'data' directory
Flavors: r-devel-linux-x86_64-debian-clang, r-devel-linux-x86_64-debian-gcc, r-devel-linux-x86_64-fedora-clang, r-devel-linux-x86_64-fedora-gcc, r-devel-windows-x86_64, r-patched-linux-x86_64, r-release-linux-x86_64, r-release-macos-arm64, r-release-macos-x86_64, r-release-windows-x86_64, r-oldrel-macos-arm64, r-oldrel-macos-x86_64, r-oldrel-windows-x86_64