CRAN Package Check Results for Package UPCM

Last updated on 2022-01-28 02:51:16 CET.

Flavor Version Tinstall Tcheck Ttotal Status Flags
r-devel-linux-x86_64-debian-clang 0.0-3 63.77 84.99 148.76 OK
r-devel-linux-x86_64-debian-gcc 0.0-3 43.62 65.91 109.53 OK
r-devel-linux-x86_64-fedora-clang 0.0-3 221.31 OK
r-devel-linux-x86_64-fedora-gcc 0.0-3 169.17 OK
r-devel-windows-x86_64-new-UL 0.0-3 56.00 123.00 179.00 OK
r-devel-windows-x86_64-new-TK 0.0-3 OK
r-patched-linux-x86_64 0.0-3 47.30 78.29 125.59 OK
r-release-linux-x86_64 0.0-3 39.13 78.79 117.92 OK
r-release-macos-arm64 0.0-3 NOTE
r-release-macos-x86_64 0.0-3 NOTE
r-release-windows-ix86+x86_64 0.0-3 122.00 131.00 253.00 OK
r-oldrel-macos-x86_64 0.0-3 NOTE
r-oldrel-windows-ix86+x86_64 0.0-3 122.00 134.00 256.00 OK

Check Details

Version: 0.0-3
Check: installed package size
Result: NOTE
     installed size is 6.4Mb
     sub-directories of 1Mb or more:
     libs 6.3Mb
Flavors: r-release-macos-arm64, r-release-macos-x86_64, r-oldrel-macos-x86_64