CRAN Package Check Results for Package USAboundaries

Last updated on 2020-01-21 18:52:13 CET.

Flavor Version Tinstall Tcheck Ttotal Status Flags
r-devel-linux-x86_64-debian-clang 0.3.1 2.54 25.35 27.89 NOTE
r-devel-linux-x86_64-debian-gcc 0.3.1 2.00 20.40 22.40 NOTE
r-devel-linux-x86_64-fedora-clang 0.3.1 35.94 NOTE
r-devel-linux-x86_64-fedora-gcc 0.3.1 34.95 NOTE
r-devel-windows-ix86+x86_64 0.3.1 11.00 59.00 70.00 NOTE
r-devel-windows-ix86+x86_64-gcc8 0.3.1 7.00 56.00 63.00 NOTE
r-patched-linux-x86_64 0.3.1 1.77 23.51 25.28 NOTE
r-patched-solaris-x86 0.3.1 49.30 NOTE
r-release-linux-x86_64 0.3.1 2.02 23.54 25.56 NOTE
r-release-windows-ix86+x86_64 0.3.1 6.00 35.00 41.00 NOTE
r-release-osx-x86_64 0.3.1 NOTE
r-oldrel-windows-ix86+x86_64 0.3.1 3.00 35.00 38.00 NOTE
r-oldrel-osx-x86_64 0.3.1 NOTE

Check Details

Version: 0.3.1
Check: package dependencies
Result: NOTE
    Package suggested but not available for checking: 'USAboundariesData'
Flavors: r-devel-linux-x86_64-debian-clang, r-devel-linux-x86_64-debian-gcc, r-devel-linux-x86_64-fedora-clang, r-devel-linux-x86_64-fedora-gcc, r-devel-windows-ix86+x86_64, r-devel-windows-ix86+x86_64-gcc8, r-patched-linux-x86_64, r-patched-solaris-x86, r-release-linux-x86_64, r-release-windows-ix86+x86_64, r-release-osx-x86_64, r-oldrel-windows-ix86+x86_64, r-oldrel-osx-x86_64