CRAN Package Check Results for Package UtilityFrailtyPH12

Last updated on 2023-03-23 00:51:28 CET.

Flavor Version Tinstall Tcheck Ttotal Status Flags
r-devel-linux-x86_64-debian-clang 1.0 35.99 78.78 114.77 NOTE
r-devel-linux-x86_64-debian-gcc 1.0 29.42 60.40 89.82 NOTE
r-devel-linux-x86_64-fedora-clang 1.0 158.88 NOTE
r-devel-linux-x86_64-fedora-gcc 1.0 155.32 NOTE
r-devel-windows-x86_64 1.0 65.00 130.00 195.00 NOTE
r-patched-linux-x86_64 1.0 33.04 74.83 107.87 OK
r-release-linux-x86_64 1.0 33.37 73.65 107.02 OK
r-release-macos-arm64 1.0 44.00 OK
r-release-macos-x86_64 1.0 54.00 OK
r-release-windows-x86_64 1.0 48.00 131.00 179.00 OK
r-oldrel-macos-arm64 1.0 46.00 OK
r-oldrel-macos-x86_64 1.0 77.00 OK
r-oldrel-windows-ix86+x86_64 1.0 93.00 142.00 235.00 OK

Check Details

Version: 1.0
Check: C++ specification
Result: NOTE
     Specified C++11: please drop specification unless essential
Flavors: r-devel-linux-x86_64-debian-clang, r-devel-linux-x86_64-debian-gcc, r-devel-linux-x86_64-fedora-clang, r-devel-linux-x86_64-fedora-gcc, r-devel-windows-x86_64