CRAN Package Check Results for Package VARSEDIG

Last updated on 2021-01-27 13:49:03 CET.

Flavor Version Tinstall Tcheck Ttotal Status Flags
r-devel-linux-x86_64-debian-clang 1.9 5.33 44.91 50.24 NOTE
r-devel-linux-x86_64-debian-gcc 1.9 NOTE
r-devel-linux-x86_64-fedora-clang 1.9 70.69 NOTE
r-devel-linux-x86_64-fedora-gcc 1.9 58.06 NOTE
r-devel-windows-ix86+x86_64 1.9 9.00 60.00 69.00 OK
r-patched-linux-x86_64 1.9 6.13 42.79 48.92 NOTE
r-patched-solaris-x86 1.9 79.00 NOTE
r-release-linux-x86_64 1.9 4.63 42.97 47.60 NOTE
r-release-macos-x86_64 1.9 OK
r-release-windows-ix86+x86_64 1.9 9.00 46.00 55.00 OK
r-oldrel-macos-x86_64 1.9 OK
r-oldrel-windows-ix86+x86_64 1.9 7.00 59.00 66.00 OK

Check Details

Version: 1.9
Check: for non-standard things in the check directory
Result: NOTE
    Found the following files/directories:
     'Output.txt' 'Overlap.csv' 'Polar coordinates.csv'
Flavors: r-devel-linux-x86_64-debian-clang, r-devel-linux-x86_64-debian-gcc, r-devel-linux-x86_64-fedora-clang, r-devel-linux-x86_64-fedora-gcc, r-patched-linux-x86_64, r-patched-solaris-x86, r-release-linux-x86_64

Version: 1.9
Check: Rd cross-references
Result: NOTE
    Undeclared package ‘candisc’ in Rd xrefs
Flavor: r-devel-linux-x86_64-fedora-clang