CRAN Package Check Results for Package VBsparsePCA

Last updated on 2024-04-24 13:55:50 CEST.

Flavor Version Tinstall Tcheck Ttotal Status Flags
r-devel-linux-x86_64-debian-clang 0.1.0 2.86 39.07 41.93 NOTE
r-devel-linux-x86_64-debian-gcc 0.1.0 2.22 32.55 34.77 NOTE
r-devel-linux-x86_64-fedora-clang 0.1.0 54.13 NOTE
r-devel-linux-x86_64-fedora-gcc 0.1.0 55.59 NOTE
r-devel-windows-x86_64 0.1.0 3.00 52.00 55.00 NOTE
r-patched-linux-x86_64 0.1.0 2.31 43.21 45.52 NOTE
r-release-linux-x86_64 0.1.0 2.40 42.25 44.65 NOTE
r-release-macos-arm64 0.1.0 27.00 NOTE
r-release-windows-x86_64 0.1.0 3.00 53.00 56.00 NOTE
r-oldrel-macos-arm64 0.1.0 24.00 NOTE
r-oldrel-macos-x86_64 0.1.0 40.00 NOTE
r-oldrel-windows-x86_64 0.1.0 4.00 57.00 61.00 NOTE

Check Details

Version: 0.1.0
Check: LazyData
Result: NOTE 'LazyData' is specified without a 'data' directory Flavors: r-devel-linux-x86_64-debian-clang, r-devel-linux-x86_64-debian-gcc, r-devel-linux-x86_64-fedora-clang, r-devel-linux-x86_64-fedora-gcc, r-devel-windows-x86_64, r-patched-linux-x86_64, r-release-linux-x86_64, r-release-macos-arm64, r-release-windows-x86_64, r-oldrel-macos-arm64, r-oldrel-macos-x86_64, r-oldrel-windows-x86_64

Version: 0.1.0
Check: dependencies in R code
Result: NOTE Namespace in Imports field not imported from: ‘MASS’ All declared Imports should be used. Flavors: r-devel-linux-x86_64-fedora-clang, r-devel-linux-x86_64-fedora-gcc