Last updated on 2023-03-23 02:50:01 CET.
Flavor | Version | Tinstall | Tcheck | Ttotal | Status | Flags |
---|---|---|---|---|---|---|
r-devel-linux-x86_64-debian-clang | 0.1.0 | 2.11 | 42.07 | 44.18 | NOTE | |
r-devel-linux-x86_64-debian-gcc | 0.1.0 | 2.20 | 31.97 | 34.17 | NOTE | |
r-devel-linux-x86_64-fedora-clang | 0.1.0 | 57.09 | NOTE | |||
r-devel-linux-x86_64-fedora-gcc | 0.1.0 | 56.47 | NOTE | |||
r-devel-windows-x86_64 | 0.1.0 | 15.00 | 69.00 | 84.00 | NOTE | |
r-patched-linux-x86_64 | 0.1.0 | 2.85 | 41.70 | 44.55 | NOTE | |
r-release-linux-x86_64 | 0.1.0 | 1.92 | 41.35 | 43.27 | NOTE | |
r-release-macos-arm64 | 0.1.0 | 22.00 | NOTE | |||
r-release-macos-x86_64 | 0.1.0 | 29.00 | NOTE | |||
r-release-windows-x86_64 | 0.1.0 | 7.00 | 92.00 | 99.00 | NOTE | |
r-oldrel-macos-arm64 | 0.1.0 | 25.00 | NOTE | |||
r-oldrel-macos-x86_64 | 0.1.0 | 42.00 | NOTE | |||
r-oldrel-windows-ix86+x86_64 | 0.1.0 | 7.00 | 69.00 | 76.00 | NOTE |
Version: 0.1.0
Check: LazyData
Result: NOTE
'LazyData' is specified without a 'data' directory
Flavors: r-devel-linux-x86_64-debian-clang, r-devel-linux-x86_64-debian-gcc, r-devel-linux-x86_64-fedora-clang, r-devel-linux-x86_64-fedora-gcc, r-devel-windows-x86_64, r-patched-linux-x86_64, r-release-linux-x86_64, r-release-macos-arm64, r-release-macos-x86_64, r-release-windows-x86_64, r-oldrel-macos-arm64, r-oldrel-macos-x86_64, r-oldrel-windows-ix86+x86_64
Version: 0.1.0
Check: dependencies in R code
Result: NOTE
Namespace in Imports field not imported from: ‘MASS’
All declared Imports should be used.
Flavors: r-devel-linux-x86_64-fedora-clang, r-devel-linux-x86_64-fedora-gcc, r-release-macos-arm64, r-release-macos-x86_64, r-oldrel-macos-arm64, r-oldrel-macos-x86_64