CRAN Package Check Results for Package VEwaningVariant

Last updated on 2022-08-16 12:53:15 CEST.

Flavor Version Tinstall Tcheck Ttotal Status Flags
r-devel-linux-x86_64-debian-clang 1.3 138.23 111.74 249.97 OK
r-devel-linux-x86_64-debian-gcc 1.3 111.13 102.43 213.56 OK
r-devel-linux-x86_64-fedora-clang 1.3 352.13 OK
r-devel-linux-x86_64-fedora-gcc 1.3 321.30 OK
r-devel-windows-x86_64 1.3 133.00 148.00 281.00 OK
r-patched-linux-x86_64 1.3 117.52 107.50 225.02 OK
r-release-linux-x86_64 1.3 112.70 110.99 223.69 OK
r-release-macos-arm64 1.3 80.00 NOTE
r-release-macos-x86_64 1.3 103.00 NOTE
r-release-windows-x86_64 1.3 130.00 145.00 275.00 OK
r-oldrel-macos-arm64 1.3 76.00 NOTE
r-oldrel-macos-x86_64 1.3 101.00 NOTE
r-oldrel-windows-ix86+x86_64 1.3 350.00 164.00 514.00 OK

Check Details

Version: 1.3
Check: installed package size
Result: NOTE
     installed size is 5.4Mb
     sub-directories of 1Mb or more:
     libs 4.7Mb
Flavors: r-release-macos-arm64, r-release-macos-x86_64, r-oldrel-macos-arm64, r-oldrel-macos-x86_64