CRAN Package Check Results for Package VGAM

Last updated on 2019-09-23 10:48:23 CEST.

Flavor Version Tinstall Tcheck Ttotal Status Flags
r-devel-linux-x86_64-debian-clang 1.1-1 91.56 517.01 608.57 OK
r-devel-linux-x86_64-debian-gcc 1.1-1 63.20 381.22 444.42 OK
r-devel-linux-x86_64-fedora-clang 1.1-1 703.39 NOTE
r-devel-linux-x86_64-fedora-gcc 1.1-1 694.56 OK
r-devel-windows-ix86+x86_64 1.1-1 192.00 907.00 1099.00 NOTE
r-patched-linux-x86_64 1.1-1 83.48 509.83 593.31 OK
r-patched-solaris-x86 1.1-1 884.20 NOTE
r-release-linux-x86_64 1.1-1 86.79 513.22 600.01 OK
r-release-windows-ix86+x86_64 1.1-1 205.00 910.00 1115.00 NOTE
r-release-osx-x86_64 1.1-1 NOTE
r-oldrel-windows-ix86+x86_64 1.1-1 138.00 779.00 917.00 NOTE
r-oldrel-osx-x86_64 1.1-1 NOTE

Additional issues

LTO

Check Details

Version: 1.1-1
Check: installed package size
Result: NOTE
     installed size is 9.2Mb
     sub-directories of 1Mb or more:
     R 3.7Mb
     doc 1.2Mb
     help 2.8Mb
Flavors: r-devel-linux-x86_64-fedora-clang, r-devel-windows-ix86+x86_64, r-patched-solaris-x86, r-release-windows-ix86+x86_64, r-release-osx-x86_64, r-oldrel-windows-ix86+x86_64, r-oldrel-osx-x86_64