CRAN Package Check Results for Package VGAM

Last updated on 2020-07-08 10:50:57 CEST.

Flavor Version Tinstall Tcheck Ttotal Status Flags
r-devel-linux-x86_64-debian-clang 1.1-3 104.18 610.21 714.39 OK
r-devel-linux-x86_64-debian-gcc 1.1-3 80.47 447.63 528.10 OK
r-devel-linux-x86_64-fedora-clang 1.1-3 845.56 NOTE
r-devel-linux-x86_64-fedora-gcc 1.1-3 842.44 OK
r-devel-windows-ix86+x86_64 1.1-3 161.00 906.00 1067.00 NOTE
r-patched-linux-x86_64 1.1-3 100.32 614.95 715.27 OK
r-patched-solaris-x86 1.1-3 1034.10 NOTE
r-release-linux-x86_64 1.1-3 96.11 609.24 705.35 OK
r-release-osx-x86_64 1.1-3 NOTE
r-release-windows-ix86+x86_64 1.1-3 169.00 794.00 963.00 NOTE
r-oldrel-osx-x86_64 1.1-3 WARN
r-oldrel-windows-ix86+x86_64 1.1-3 152.00 994.00 1146.00 WARN

Check Details

Version: 1.1-3
Check: installed package size
Result: NOTE
     installed size is 9.5Mb
     sub-directories of 1Mb or more:
     R 4.0Mb
     doc 1.2Mb
     help 2.9Mb
Flavors: r-devel-linux-x86_64-fedora-clang, r-devel-windows-ix86+x86_64, r-patched-solaris-x86, r-release-osx-x86_64, r-release-windows-ix86+x86_64, r-oldrel-osx-x86_64, r-oldrel-windows-ix86+x86_64

Version: 1.1-3
Check: Rd cross-references
Result: NOTE
    Undeclared packages ‘car’, ‘gam’, ‘lmtest’ in Rd xrefs
Flavor: r-devel-linux-x86_64-fedora-clang

Version: 1.1-3
Check: Rd cross-references
Result: WARN
    Missing link or links in documentation object 'plotrcim0.Rd':
     ‘[base:plot]{plot}’
    
    See section 'Cross-references' in the 'Writing R Extensions' manual.
Flavors: r-oldrel-osx-x86_64, r-oldrel-windows-ix86+x86_64