CRAN Package Check Results for Package VarBundle

Last updated on 2020-12-03 15:50:04 CET.

Flavor Version Tinstall Tcheck Ttotal Status Flags
r-devel-linux-x86_64-debian-clang 0.3.0 4.07 38.86 42.93 NOTE
r-devel-linux-x86_64-debian-gcc 0.3.0 3.88 31.57 35.45 NOTE
r-devel-linux-x86_64-fedora-clang 0.3.0 56.62 OK
r-devel-linux-x86_64-fedora-gcc 0.3.0 49.60 OK
r-devel-windows-ix86+x86_64 0.3.0 9.00 53.00 62.00 NOTE
r-patched-linux-x86_64 0.3.0 4.15 36.75 40.90 NOTE
r-patched-solaris-x86 0.3.0 71.80 OK
r-release-linux-x86_64 0.3.0 4.17 36.56 40.73 NOTE
r-release-macos-x86_64 0.3.0 OK
r-release-windows-ix86+x86_64 0.3.0 8.00 42.00 50.00 NOTE
r-oldrel-macos-x86_64 0.3.0 OK
r-oldrel-windows-ix86+x86_64 0.3.0 5.00 52.00 57.00 OK

Check Details

Version: 0.3.0
Check: package vignettes
Result: NOTE
    Package vignette with placeholder title 'Vignette Title':
     'intro-to-varbundle.Rmd'
Flavors: r-devel-linux-x86_64-debian-clang, r-devel-linux-x86_64-debian-gcc, r-devel-windows-ix86+x86_64, r-patched-linux-x86_64, r-release-linux-x86_64, r-release-windows-ix86+x86_64