Last updated on 2022-08-12 06:49:35 CEST.
Flavor | Version | Tinstall | Tcheck | Ttotal | Status | Flags |
---|---|---|---|---|---|---|
r-devel-linux-x86_64-debian-clang | 2.1.3.1 | 313.82 | 180.08 | 493.90 | OK | |
r-devel-linux-x86_64-debian-gcc | 2.1.3.1 | 254.59 | 118.54 | 373.13 | OK | |
r-devel-linux-x86_64-fedora-clang | 2.1.3.1 | 725.09 | NOTE | |||
r-devel-linux-x86_64-fedora-gcc | 2.1.3.1 | 630.94 | OK | |||
r-devel-windows-x86_64 | 2.1.3.1 | 253.00 | 232.00 | 485.00 | OK | |
r-patched-linux-x86_64 | 2.1.3.1 | 271.00 | 150.77 | 421.77 | OK | |
r-release-linux-x86_64 | 2.1.3.1 | 270.36 | 152.96 | 423.32 | OK | |
r-release-macos-arm64 | 2.1.3.1 | 148.00 | NOTE | |||
r-release-macos-x86_64 | 2.1.3.1 | 266.00 | NOTE | |||
r-release-windows-x86_64 | 2.1.3.1 | 260.00 | 227.00 | 487.00 | OK | |
r-oldrel-macos-arm64 | 2.1.3.1 | 192.00 | NOTE | |||
r-oldrel-macos-x86_64 | 2.1.3.1 | 281.00 | NOTE | |||
r-oldrel-windows-ix86+x86_64 | 2.1.3.1 | 798.00 | 282.00 | 1080.00 | OK |
Version: 2.1.3.1
Check: installed package size
Result: NOTE
installed size is 7.7Mb
sub-directories of 1Mb or more:
libs 7.0Mb
Flavors: r-devel-linux-x86_64-fedora-clang, r-release-macos-arm64, r-release-macos-x86_64, r-oldrel-macos-arm64, r-oldrel-macos-x86_64