CRAN Package Check Results for Package VorteksExport

Last updated on 2022-01-26 04:52:56 CET.

Flavor Version Tinstall Tcheck Ttotal Status Flags
r-devel-linux-x86_64-debian-clang 0.1.8 1.42 28.86 30.28 NOTE
r-devel-linux-x86_64-debian-gcc 0.1.8 1.47 22.78 24.25 NOTE
r-devel-linux-x86_64-fedora-clang 0.1.8 38.43 NOTE
r-devel-linux-x86_64-fedora-gcc 0.1.8 27.82 NOTE
r-devel-windows-x86_64-new-UL 0.1.8 26.00 46.00 72.00 NOTE
r-devel-windows-x86_64-new-TK 0.1.8 NOTE
r-patched-linux-x86_64 0.1.8 1.73 27.84 29.57 NOTE
r-release-linux-x86_64 0.1.8 1.55 27.56 29.11 NOTE
r-release-macos-arm64 0.1.8 NOTE
r-release-macos-x86_64 0.1.8 NOTE
r-release-windows-ix86+x86_64 0.1.8 6.00 36.00 42.00 NOTE
r-oldrel-macos-x86_64 0.1.8 OK
r-oldrel-windows-ix86+x86_64 0.1.8 6.00 36.00 42.00 OK

Check Details

Version: 0.1.8
Check: LazyData
Result: NOTE
     'LazyData' is specified without a 'data' directory
Flavors: r-devel-linux-x86_64-debian-clang, r-devel-linux-x86_64-debian-gcc, r-devel-linux-x86_64-fedora-clang, r-devel-linux-x86_64-fedora-gcc, r-devel-windows-x86_64-new-UL, r-devel-windows-x86_64-new-TK, r-patched-linux-x86_64, r-release-linux-x86_64, r-release-macos-arm64, r-release-macos-x86_64, r-release-windows-ix86+x86_64