CRAN Package Check Results for Package WCM

Last updated on 2024-02-28 20:53:40 CET.

Flavor Version Tinstall Tcheck Ttotal Status Flags
r-devel-linux-x86_64-debian-clang 0.2.2 2.18 50.53 52.71 NOTE
r-devel-linux-x86_64-debian-gcc 0.2.2 1.23 36.81 38.04 NOTE
r-devel-linux-x86_64-fedora-clang 0.2.2 62.06 NOTE
r-devel-linux-x86_64-fedora-gcc 0.2.2 62.56 NOTE
r-devel-windows-x86_64 0.2.2 3.00 56.00 59.00 NOTE
r-patched-linux-x86_64 0.2.2 1.72 47.79 49.51 NOTE
r-release-linux-x86_64 0.2.2 2.19 48.14 50.33 NOTE
r-release-macos-arm64 0.2.2 24.00 NOTE
r-release-macos-x86_64 0.2.2 35.00 NOTE
r-release-windows-x86_64 0.2.2 3.00 62.00 65.00 NOTE
r-oldrel-macos-arm64 0.2.2 23.00 NOTE
r-oldrel-windows-x86_64 0.2.2 4.00 73.00 77.00 NOTE

Check Details

Version: 0.2.2
Check: LazyData
Result: NOTE 'LazyData' is specified without a 'data' directory Flavors: r-devel-linux-x86_64-debian-clang, r-devel-linux-x86_64-debian-gcc, r-devel-linux-x86_64-fedora-clang, r-devel-linux-x86_64-fedora-gcc, r-devel-windows-x86_64, r-patched-linux-x86_64, r-release-linux-x86_64, r-release-macos-arm64, r-release-macos-x86_64, r-release-windows-x86_64, r-oldrel-macos-arm64, r-oldrel-windows-x86_64