Last updated on 2023-03-30 08:54:04 CEST.
Flavor | Version | Tinstall | Tcheck | Ttotal | Status | Flags |
---|---|---|---|---|---|---|
r-devel-linux-x86_64-debian-clang | 1.2.1 | 151.34 | 133.09 | 284.43 | NOTE | |
r-devel-linux-x86_64-debian-gcc | 1.2.1 | 121.91 | 98.48 | 220.39 | NOTE | |
r-devel-linux-x86_64-fedora-clang | 1.2.1 | 385.31 | NOTE | |||
r-devel-linux-x86_64-fedora-gcc | 1.2.1 | 377.77 | NOTE | |||
r-devel-windows-x86_64 | 1.2.1 | 119.00 | 196.00 | 315.00 | NOTE | |
r-patched-linux-x86_64 | 1.2.1 | 123.07 | 123.37 | 246.44 | NOTE | |
r-release-linux-x86_64 | 1.2.1 | 128.79 | 131.45 | 260.24 | OK | |
r-release-macos-arm64 | 1.2.1 | 111.00 | NOTE | |||
r-release-macos-x86_64 | 1.2.1 | 159.00 | NOTE | |||
r-release-windows-x86_64 | 1.2.1 | 284.00 | 191.00 | 475.00 | OK | |
r-oldrel-macos-arm64 | 1.2.1 | 87.00 | NOTE | |||
r-oldrel-macos-x86_64 | 1.2.1 | 146.00 | NOTE | |||
r-oldrel-windows-ix86+x86_64 | 1.2.1 | 309.00 | 243.00 | 552.00 | OK |
Version: 1.2.1
Check: C++ specification
Result: NOTE
Specified C++11: please drop specification unless essential
Flavors: r-devel-linux-x86_64-debian-clang, r-devel-linux-x86_64-debian-gcc, r-devel-linux-x86_64-fedora-clang, r-devel-linux-x86_64-fedora-gcc, r-devel-windows-x86_64, r-patched-linux-x86_64
Version: 1.2.1
Check: installed package size
Result: NOTE
installed size is 9.5Mb
sub-directories of 1Mb or more:
libs 9.3Mb
Flavors: r-release-macos-arm64, r-release-macos-x86_64, r-oldrel-macos-arm64, r-oldrel-macos-x86_64