CRAN Package Check Results for Package WWR

Last updated on 2022-08-16 10:59:13 CEST.

Flavor Version Tinstall Tcheck Ttotal Status Flags
r-devel-linux-x86_64-debian-clang 1.2.2 4.02 33.46 37.48 NOTE
r-devel-linux-x86_64-debian-gcc 1.2.2 3.62 25.57 29.19 NOTE
r-devel-linux-x86_64-fedora-clang 1.2.2 57.79 NOTE
r-devel-linux-x86_64-fedora-gcc 1.2.2 54.33 NOTE
r-devel-windows-x86_64 1.2.2 11.00 59.00 70.00 NOTE
r-patched-linux-x86_64 1.2.2 4.43 31.92 36.35 NOTE
r-release-linux-x86_64 1.2.2 3.78 31.98 35.76 NOTE
r-release-macos-arm64 1.2.2 21.00 NOTE
r-release-macos-x86_64 1.2.2 25.00 NOTE
r-release-windows-x86_64 1.2.2 11.00 60.00 71.00 NOTE
r-oldrel-macos-arm64 1.2.2 24.00 NOTE
r-oldrel-macos-x86_64 1.2.2 33.00 NOTE
r-oldrel-windows-ix86+x86_64 1.2.2 13.00 70.00 83.00 NOTE

Check Details

Version: 1.2.2
Check: LazyData
Result: NOTE
     'LazyData' is specified without a 'data' directory
Flavors: r-devel-linux-x86_64-debian-clang, r-devel-linux-x86_64-debian-gcc, r-devel-linux-x86_64-fedora-clang, r-devel-linux-x86_64-fedora-gcc, r-devel-windows-x86_64, r-patched-linux-x86_64, r-release-linux-x86_64, r-release-macos-arm64, r-release-macos-x86_64, r-release-windows-x86_64, r-oldrel-macos-arm64, r-oldrel-macos-x86_64, r-oldrel-windows-ix86+x86_64