CRAN Package Check Results for Package WeibullFit

Last updated on 2024-07-24 06:57:32 CEST.

Flavor Version Tinstall Tcheck Ttotal Status Flags
r-devel-linux-x86_64-debian-clang 0.1.0 9.42 62.59 72.01 NOTE
r-devel-linux-x86_64-debian-gcc 0.1.0 5.84 46.56 52.40 NOTE
r-devel-linux-x86_64-fedora-clang 0.1.0 87.09 NOTE
r-devel-linux-x86_64-fedora-gcc 0.1.0 84.53 NOTE
r-devel-windows-x86_64 0.1.0 8.00 61.00 69.00 NOTE
r-patched-linux-x86_64 0.1.0 7.21 59.75 66.96 NOTE
r-release-linux-x86_64 0.1.0 6.90 60.04 66.94 NOTE
r-release-macos-arm64 0.1.0 30.00 NOTE
r-release-macos-x86_64 0.1.0 56.00 NOTE
r-release-windows-x86_64 0.1.0 7.00 64.00 71.00 NOTE
r-oldrel-macos-arm64 0.1.0 29.00 OK
r-oldrel-macos-x86_64 0.1.0 44.00 OK
r-oldrel-windows-x86_64 0.1.0 9.00 71.00 80.00 OK

Check Details

Version: 0.1.0
Check: Rd files
Result: NOTE checkRd: (-1) busTrace.Rd:15: Lost braces 15 | /href{https://crawdad.org/coppe-ufrj/RioBuses/20180319/} | ^ Flavors: r-devel-linux-x86_64-debian-clang, r-devel-linux-x86_64-debian-gcc, r-devel-linux-x86_64-fedora-clang, r-devel-linux-x86_64-fedora-gcc, r-devel-windows-x86_64, r-patched-linux-x86_64, r-release-linux-x86_64, r-release-macos-arm64, r-release-macos-x86_64, r-release-windows-x86_64