CRAN Package Check Results for Package XLConnect

Last updated on 2020-12-03 10:49:19 CET.

Flavor Version Tinstall Tcheck Ttotal Status Flags
r-devel-linux-x86_64-debian-clang 1.0.1 10.42 149.63 160.05 OK
r-devel-linux-x86_64-debian-gcc 1.0.1 8.36 117.50 125.86 OK
r-devel-linux-x86_64-fedora-clang 1.0.1 199.34 NOTE
r-devel-linux-x86_64-fedora-gcc 1.0.1 189.01 OK
r-devel-windows-ix86+x86_64 1.0.1 20.00 150.00 170.00 NOTE
r-patched-linux-x86_64 1.0.1 9.39 151.20 160.59 OK
r-release-linux-x86_64 1.0.1 9.43 148.62 158.05 OK
r-release-macos-x86_64 1.0.1 NOTE
r-release-windows-ix86+x86_64 1.0.1 18.00 118.00 136.00 NOTE
r-oldrel-macos-x86_64 1.0.1 NOTE
r-oldrel-windows-ix86+x86_64 1.0.1 15.00 6.00 21.00 ERROR

Check Details

Version: 1.0.1
Check: installed package size
Result: NOTE
     installed size is 28.4Mb
     sub-directories of 1Mb or more:
     java 26.2Mb
Flavors: r-devel-linux-x86_64-fedora-clang, r-devel-windows-ix86+x86_64, r-release-macos-x86_64, r-release-windows-ix86+x86_64, r-oldrel-macos-x86_64

Version: 1.0.1
Check: whether package can be installed
Result: ERROR
    Installation failed.
Flavor: r-oldrel-windows-ix86+x86_64