CRAN Package Check Results for Package XML

Last updated on 2019-12-12 17:49:40 CET.

Flavor Version Tinstall Tcheck Ttotal Status Flags
r-devel-linux-x86_64-debian-clang 3.98-1.20 26.33 78.81 105.14 NOTE
r-devel-linux-x86_64-debian-gcc 3.98-1.20 16.59 58.86 75.45 NOTE
r-devel-linux-x86_64-fedora-clang 3.98-1.20 126.16 NOTE
r-devel-linux-x86_64-fedora-gcc 3.98-1.20 121.83 NOTE
r-devel-windows-ix86+x86_64 3.98-1.20 56.00 160.00 216.00 NOTE
r-devel-windows-ix86+x86_64-gcc8 3.98-1.20 58.00 137.00 195.00 WARN
r-patched-linux-x86_64 3.98-1.20 22.80 71.12 93.92 NOTE
r-patched-solaris-x86 3.98-1.20 161.80 NOTE
r-release-linux-x86_64 3.98-1.20 21.79 72.24 94.03 NOTE
r-release-windows-ix86+x86_64 3.98-1.20 101.00 160.00 261.00 NOTE
r-release-osx-x86_64 3.98-1.20 NOTE
r-oldrel-windows-ix86+x86_64 3.98-1.20 77.00 100.00 177.00 NOTE
r-oldrel-osx-x86_64 3.98-1.20 NOTE

Additional issues

valgrind

Check Details

Version: 3.98-1.20
Check: top-level files
Result: NOTE
    Non-standard files/directories found at top level:
     'Bug.R' 'Bugs.html' 'Check' 'CodeDetails' 'DESCRIPTION.in' 'Docs'
     'FAQ.html' 'FIXME_NOW' 'GNUmakefile' 'GNUmakefile.admin'
     'Makevars.in' 'MemoryBug.R' 'NAMESPACE.in' 'NodeFuns' 'Notes'
     'QuestionSolutions' 'README.windows' 'Rsamples' 'TAGS'
     'Todo-orig.html' 'Todo.xml' 'VersionInfo' 'addFinalizer' 'checkLinks'
     'dotCalls' 'expat' 'index.html' 'index.html.in' 'libxml'
     'libxml2.9.R' 'scrapingData.xml' 'testRemoveFinalizers.R'
     'testRemoveFinalizers.c' 'xpathPointer.xml'
Flavors: r-devel-linux-x86_64-debian-clang, r-devel-linux-x86_64-debian-gcc, r-devel-linux-x86_64-fedora-clang, r-devel-linux-x86_64-fedora-gcc, r-patched-linux-x86_64, r-release-linux-x86_64

Version: 3.98-1.20
Check: R code for possible problems
Result: NOTE
    newXMLDoc: no visible binding for global variable 'doc'
    source: no visible binding for global variable 'use_file'
    xmlFlatListTree : f: no visible binding for global variable 'nodeNames'
    xmlFlatListTree : f: no visible binding for global variable 'idx'
    xmlFlatListTree : addNode: no visible binding for '<<-' assignment to
     'nodeSet'
    xmlFlatListTree : addNode: no visible binding for global variable
     'nodeSet'
    xmlFlatListTree : addNode: no visible binding for global variable 'idx'
    xmlFlatListTree : addNode: no visible binding for '<<-' assignment to
     'nodeNames'
    xmlFlatListTree : addNode: no visible binding for global variable
     'nodeNames'
    xmlFlatListTree : addNode: no visible binding for '<<-' assignment to
     'idx'
    xmlFlatListTree : addNode: no visible binding for '<<-' assignment to
     'parentCount'
    xmlFlatListTree : addNode: no visible binding for global variable
     'parentCount'
    xmlFlatListTree : <anonymous>: no visible binding for global variable
     'e'
    xmlFlatTree : <anonymous>: no visible binding for global variable 'e'
    Undefined global functions or variables:
     doc e idx nodeNames nodeSet parentCount use_file
Flavors: r-devel-linux-x86_64-debian-clang, r-devel-linux-x86_64-debian-gcc, r-devel-linux-x86_64-fedora-clang, r-devel-linux-x86_64-fedora-gcc, r-devel-windows-ix86+x86_64, r-devel-windows-ix86+x86_64-gcc8, r-patched-linux-x86_64, r-patched-solaris-x86, r-release-linux-x86_64, r-release-windows-ix86+x86_64, r-release-osx-x86_64, r-oldrel-windows-ix86+x86_64, r-oldrel-osx-x86_64

Version: 3.98-1.20
Check: Rd line widths
Result: NOTE
    Rd file 'makeClassTemplate.Rd':
     \examples lines wider than 100 characters:
     "<doc><part><name>ABC</name><type>XYZ</type><cost>3.54</cost><status>available</status></part></doc>"
    
    Rd file 'xmlClone.Rd':
     \examples lines wider than 100 characters:
     xmlParse('<doc><author id="dtl"><firstname>Duncan</firstname><surname>Temple Lang</surname></author></doc>')
    
    Rd file 'xmlToS4.Rd':
     \examples lines wider than 100 characters:
     "<doc><part><name>ABC</name><type>XYZ</type><cost>3.54</cost><status>available</status></part></doc>"
    
    These lines will be truncated in the PDF manual.
Flavors: r-devel-linux-x86_64-debian-clang, r-devel-linux-x86_64-debian-gcc, r-devel-linux-x86_64-fedora-clang, r-devel-linux-x86_64-fedora-gcc, r-patched-linux-x86_64, r-release-linux-x86_64

Version: 3.98-1.20
Check: installed package size
Result: NOTE
     installed size is 7.8Mb
     sub-directories of 1Mb or more:
     exampleData 1.6Mb
     examples 4.6Mb
Flavors: r-devel-linux-x86_64-fedora-clang, r-devel-windows-ix86+x86_64, r-devel-windows-ix86+x86_64-gcc8, r-patched-solaris-x86, r-release-windows-ix86+x86_64, r-release-osx-x86_64, r-oldrel-windows-ix86+x86_64, r-oldrel-osx-x86_64

Version: 3.98-1.20
Check: whether package can be installed
Result: WARN
    Found the following significant warnings:
     RSDTD.c:298:23: warning: passing argument 2 of 'xmlHashScan' from incompatible pointer type [-Wincompatible-pointer-types]
     RSDTD.c:372:23: warning: passing argument 2 of 'xmlHashScan' from incompatible pointer type [-Wincompatible-pointer-types]
Flavor: r-devel-windows-ix86+x86_64-gcc8