CRAN Package Check Results for Package XML

Last updated on 2021-02-26 14:47:12 CET.

Flavor Version Tinstall Tcheck Ttotal Status Flags
r-devel-linux-x86_64-debian-clang 3.99-0.5 27.00 84.81 111.81 OK
r-devel-linux-x86_64-debian-gcc 3.99-0.5 21.41 62.01 83.42 OK
r-devel-linux-x86_64-fedora-clang 3.99-0.5 142.96 OK
r-devel-linux-x86_64-fedora-gcc 3.99-0.5 130.47 OK
r-devel-windows-ix86+x86_64 3.99-0.5 54.00 111.00 165.00 NOTE
r-patched-linux-x86_64 3.99-0.5 23.30 78.97 102.27 OK
r-patched-solaris-x86 3.99-0.5 206.30 OK
r-release-linux-x86_64 3.99-0.5 30.09 79.04 109.13 OK
r-release-macos-x86_64 3.99-0.5 NOTE
r-release-windows-ix86+x86_64 3.99-0.5 45.00 137.00 182.00 NOTE
r-oldrel-macos-x86_64 3.99-0.5 ERROR
r-oldrel-windows-ix86+x86_64 3.99-0.3 53.00 113.00 166.00 NOTE

Check Details

Version: 3.99-0.5
Check: installed package size
Result: NOTE
     installed size is 7.1Mb
     sub-directories of 1Mb or more:
     exampleData 1.4Mb
     libs 4.2Mb
Flavors: r-devel-windows-ix86+x86_64, r-release-macos-x86_64, r-release-windows-ix86+x86_64

Version: 3.99-0.5
Check: whether package can be installed
Result: ERROR
    Installation failed.
Flavor: r-oldrel-macos-x86_64

Version: 3.99-0.3
Check: installed package size
Result: NOTE
     installed size is 7.1Mb
     sub-directories of 1Mb or more:
     exampleData 1.3Mb
     libs 4.2Mb
Flavor: r-oldrel-windows-ix86+x86_64