CRAN Package Check Results for Package ZVCV

Last updated on 2020-11-29 05:47:36 CET.

Flavor Version Tinstall Tcheck Ttotal Status Flags
r-devel-linux-x86_64-debian-clang 2.1.0 168.11 93.17 261.28 OK
r-devel-linux-x86_64-debian-gcc 2.1.0 171.70 71.27 242.97 OK
r-devel-linux-x86_64-fedora-clang 2.1.0 308.45 NOTE
r-devel-linux-x86_64-fedora-gcc 2.1.0 272.52 OK
r-devel-windows-ix86+x86_64 2.1.0 266.00 139.00 405.00 OK
r-patched-linux-x86_64 2.1.0 194.44 83.90 278.34 OK
r-patched-solaris-x86 2.1.0 291.40 OK
r-release-linux-x86_64 2.1.0 200.84 84.22 285.06 OK
r-release-macos-x86_64 2.1.0 NOTE
r-release-windows-ix86+x86_64 2.1.0 206.00 121.00 327.00 OK
r-oldrel-macos-x86_64 2.1.0 NOTE
r-oldrel-windows-ix86+x86_64 2.1.0 224.00 145.00 369.00 OK

Check Details

Version: 2.1.0
Check: installed package size
Result: NOTE
     installed size is 11.7Mb
     sub-directories of 1Mb or more:
     libs 11.4Mb
Flavors: r-devel-linux-x86_64-fedora-clang, r-release-macos-x86_64, r-oldrel-macos-x86_64