CRAN Package Check Results for Package ZetaSuite

Last updated on 2022-08-15 13:52:15 CEST.

Flavor Version Tinstall Tcheck Ttotal Status Flags
r-devel-linux-x86_64-debian-clang 1.0.1 14.51 217.05 231.56 OK
r-devel-linux-x86_64-debian-gcc 1.0.1 12.70 161.65 174.35 OK
r-devel-linux-x86_64-fedora-clang 1.0.1 286.17 NOTE
r-devel-linux-x86_64-fedora-gcc 1.0.1 277.76 NOTE
r-devel-windows-x86_64 1.0.1 21.00 232.00 253.00 OK
r-patched-linux-x86_64 1.0.1 13.04 188.72 201.76 OK
r-release-linux-x86_64 1.0.1 14.54 205.10 219.64 OK
r-release-macos-arm64 1.0.1 107.00 NOTE
r-release-macos-x86_64 1.0.1 111.00 NOTE
r-release-windows-x86_64 1.0.1 19.00 233.00 252.00 OK
r-oldrel-macos-arm64 1.0.1 94.00 NOTE
r-oldrel-macos-x86_64 1.0.1 106.00 NOTE
r-oldrel-windows-ix86+x86_64 1.0.1 32.00 237.00 269.00 OK

Check Details

Version: 1.0.1
Check: dependencies in R code
Result: NOTE
    Namespace in Imports field not imported from: ‘dplyr’
     All declared Imports should be used.
Flavors: r-devel-linux-x86_64-fedora-clang, r-devel-linux-x86_64-fedora-gcc, r-release-macos-arm64, r-release-macos-x86_64, r-oldrel-macos-arm64, r-oldrel-macos-x86_64